CRAN Package Check Results for Package readODS

Last updated on 2024-02-23 18:55:10 CET.

Flavor Version Tinstall Tcheck Ttotal Status Flags
r-devel-linux-x86_64-debian-clang 2.2.0 OK
r-devel-linux-x86_64-debian-gcc 2.2.0 22.22 41.37 63.59 OK
r-devel-linux-x86_64-fedora-clang 2.2.0 117.48 NOTE
r-devel-linux-x86_64-fedora-gcc 2.2.0 125.65 OK
r-devel-windows-x86_64 2.2.0 26.00 81.00 107.00 OK
r-patched-linux-x86_64 2.2.0 34.49 51.57 86.06 OK
r-release-linux-x86_64 2.2.0 29.70 53.53 83.23 OK
r-release-macos-arm64 2.2.0 51.00 OK
r-release-macos-x86_64 2.2.0 79.00 OK
r-release-windows-x86_64 2.2.0 32.00 97.00 129.00 OK
r-oldrel-macos-arm64 2.2.0 41.00 OK
r-oldrel-windows-x86_64 2.2.0 29.00 95.00 124.00 OK

Check Details

Version: 2.2.0
Check: Rd cross-references
Result: NOTE Undeclared packages ‘writexl’, ‘openxlsx’ in Rd xrefs Flavor: r-devel-linux-x86_64-fedora-clang