Last updated on 2023-12-04 00:52:53 CET.
Flavor | Version | Tinstall | Tcheck | Ttotal | Status | Flags |
---|---|---|---|---|---|---|
r-devel-linux-x86_64-debian-clang | 0.1.5 | 7.38 | 68.66 | 76.04 | NOTE | |
r-devel-linux-x86_64-debian-gcc | 0.1.5 | 3.26 | 50.24 | 53.50 | NOTE | |
r-devel-linux-x86_64-fedora-clang | 0.1.5 | 91.35 | OK | |||
r-devel-linux-x86_64-fedora-gcc | 0.1.5 | 97.93 | OK | |||
r-devel-windows-x86_64 | 0.1.5 | 6.00 | 75.00 | 81.00 | OK | |
r-patched-linux-x86_64 | 0.1.5 | 3.66 | 64.81 | 68.47 | OK | |
r-release-linux-x86_64 | 0.1.5 | 3.98 | 63.77 | 67.75 | OK | |
r-release-macos-arm64 | 0.1.5 | 46.00 | OK | |||
r-release-macos-x86_64 | 0.1.5 | 70.00 | OK | |||
r-release-windows-x86_64 | 0.1.5 | 8.00 | 83.00 | 91.00 | OK | |
r-oldrel-macos-arm64 | 0.1.5 | 49.00 | OK | |||
r-oldrel-macos-x86_64 | 0.1.5 | 64.00 | OK | |||
r-oldrel-windows-x86_64 | 0.1.5 | 8.00 | 89.00 | 97.00 | OK |
Version: 0.1.5
Check: Rd files
Result: NOTE
checkRd: (-1) rba_forecasts.Rd:34: Lost braces in \itemize; \value handles \item{}{} directly
checkRd: (-1) rba_forecasts.Rd:35: Lost braces in \itemize; \value handles \item{}{} directly
checkRd: (-1) rba_forecasts.Rd:36: Lost braces in \itemize; \value handles \item{}{} directly
checkRd: (-1) rba_forecasts.Rd:37: Lost braces in \itemize; \value handles \item{}{} directly
checkRd: (-1) rba_forecasts.Rd:38: Lost braces in \itemize; \value handles \item{}{} directly
checkRd: (-1) rba_forecasts.Rd:39: Lost braces in \itemize; \value handles \item{}{} directly
checkRd: (-1) rba_forecasts.Rd:40: Lost braces in \itemize; \value handles \item{}{} directly
checkRd: (-1) rba_forecasts.Rd:41: Lost braces in \itemize; \value handles \item{}{} directly
checkRd: (-1) read_cashrate.Rd:15: Lost braces in \itemize; meant \describe ?
checkRd: (-1) read_cashrate.Rd:16: Lost braces in \itemize; meant \describe ?
checkRd: (-1) read_cashrate.Rd:17: Lost braces in \itemize; meant \describe ?
Flavors: r-devel-linux-x86_64-debian-clang, r-devel-linux-x86_64-debian-gcc