Last updated on 2023-11-27 18:51:17 CET.
Flavor | Version | Tinstall | Tcheck | Ttotal | Status | Flags |
---|---|---|---|---|---|---|
r-devel-linux-x86_64-debian-clang | 0.5.4 | 66.13 | 111.44 | 177.57 | NOTE | |
r-devel-linux-x86_64-debian-gcc | 0.5.4 | 47.77 | 84.93 | 132.70 | NOTE | |
r-devel-linux-x86_64-fedora-clang | 0.5.4 | 249.74 | NOTE | |||
r-devel-linux-x86_64-fedora-gcc | 0.5.4 | 246.84 | NOTE | |||
r-devel-windows-x86_64 | 0.5.4 | 52.00 | 126.00 | 178.00 | NOTE | |
r-patched-linux-x86_64 | 0.5.4 | 56.57 | 106.19 | 162.76 | NOTE | |
r-release-linux-x86_64 | 0.5.4 | 57.73 | 107.04 | 164.77 | NOTE | |
r-release-macos-arm64 | 0.5.4 | 70.00 | NOTE | |||
r-release-macos-x86_64 | 0.5.4 | 118.00 | NOTE | |||
r-release-windows-x86_64 | 0.5.4 | 75.00 | 149.00 | 224.00 | NOTE | |
r-oldrel-macos-arm64 | 0.5.4 | 65.00 | NOTE | |||
r-oldrel-macos-x86_64 | 0.5.4 | 83.00 | NOTE | |||
r-oldrel-windows-x86_64 | 0.5.4 | 71.00 | 143.00 | 214.00 | NOTE |
Version: 0.5.4
Check: C++ specification
Result: NOTE
Specified C++11: please drop specification unless essential
Flavors: r-devel-linux-x86_64-debian-clang, r-devel-linux-x86_64-debian-gcc, r-devel-linux-x86_64-fedora-clang, r-devel-linux-x86_64-fedora-gcc, r-devel-windows-x86_64, r-patched-linux-x86_64, r-release-linux-x86_64, r-release-macos-arm64, r-release-macos-x86_64, r-release-windows-x86_64
Version: 0.5.4
Check: Rd files
Result: NOTE
checkRd: (-1) simEvent.Rd:112: Lost braces; missing escapes or markup?
112 | and another argument named {zCoef} for covariate coefficient vector.
| ^
Flavors: r-devel-linux-x86_64-debian-clang, r-devel-linux-x86_64-debian-gcc
Version: 0.5.4
Check: installed package size
Result: NOTE
installed size is 5.0Mb
sub-directories of 1Mb or more:
doc 3.3Mb
libs 1.1Mb
Flavors: r-devel-windows-x86_64, r-release-macos-arm64, r-release-macos-x86_64, r-release-windows-x86_64, r-oldrel-macos-arm64, r-oldrel-macos-x86_64, r-oldrel-windows-x86_64