Last updated on 2023-12-04 18:52:27 CET.
Flavor | Version | Tinstall | Tcheck | Ttotal | Status | Flags |
---|---|---|---|---|---|---|
r-devel-linux-x86_64-debian-clang | 1.2.2 | 11.41 | 110.20 | 121.61 | OK | |
r-devel-linux-x86_64-debian-gcc | 1.2.2 | 10.87 | 82.45 | 93.32 | OK | |
r-devel-linux-x86_64-fedora-clang | 1.2.2 | 150.86 | NOTE | |||
r-devel-linux-x86_64-fedora-gcc | 1.2.2 | 145.33 | NOTE | |||
r-devel-windows-x86_64 | 1.2.2 | 11.00 | 107.00 | 118.00 | OK | |
r-patched-linux-x86_64 | 1.2.2 | 8.40 | 105.35 | 113.75 | OK | |
r-release-linux-x86_64 | 1.2.2 | 9.24 | 104.91 | 114.15 | OK | |
r-release-macos-arm64 | 1.2.2 | 49.00 | OK | |||
r-release-macos-x86_64 | 1.2.2 | 88.00 | OK | |||
r-release-windows-x86_64 | 1.2.2 | 15.00 | 126.00 | 141.00 | OK | |
r-oldrel-macos-arm64 | 1.2.2 | 49.00 | NOTE | |||
r-oldrel-macos-x86_64 | 1.2.2 | 86.00 | NOTE | |||
r-oldrel-windows-x86_64 | 1.2.2 | 15.00 | 130.00 | 145.00 | OK |
Version: 1.2.2
Check: dependencies in R code
Result: NOTE
Namespaces in Imports field not imported from:
‘SemiPar’ ‘caret’ ‘dplyr’ ‘scales’
All declared Imports should be used.
Flavors: r-devel-linux-x86_64-fedora-clang, r-devel-linux-x86_64-fedora-gcc, r-oldrel-macos-arm64, r-oldrel-macos-x86_64