CRAN Package Check Results for Package regressoR

Last updated on 2024-07-19 20:49:38 CEST.

Flavor Version Tinstall Tcheck Ttotal Status Flags
r-devel-linux-x86_64-debian-clang 3.0.2 26.01 187.26 213.27 NOTE
r-devel-linux-x86_64-debian-gcc 3.0.2 24.35 140.45 164.80 NOTE
r-devel-linux-x86_64-fedora-clang 3.0.2 273.26 NOTE
r-devel-linux-x86_64-fedora-gcc 3.0.2 252.45 NOTE
r-devel-windows-x86_64 3.0.2 26.00 139.00 165.00 NOTE
r-patched-linux-x86_64 3.0.2 22.20 185.33 207.53 NOTE
r-release-linux-x86_64 3.0.2 26.15 180.98 207.13 NOTE
r-release-macos-arm64 3.0.2 66.00 NOTE
r-release-macos-x86_64 3.0.2 107.00 NOTE
r-release-windows-x86_64 3.0.2 25.00 141.00 166.00 NOTE
r-oldrel-macos-arm64 3.0.2 62.00 OK
r-oldrel-macos-x86_64 3.0.2 142.00 OK
r-oldrel-windows-x86_64 3.0.2 32.00 172.00 204.00 OK

Check Details

Version: 3.0.2
Check: Rd files
Result: NOTE checkRd: (-1) app_server.Rd:10: Lost braces; missing escapes or markup? 10 | \item{input, output, session}{Internal parameters for {shiny}. | ^ Flavors: r-devel-linux-x86_64-debian-clang, r-devel-linux-x86_64-debian-gcc, r-devel-linux-x86_64-fedora-clang, r-devel-linux-x86_64-fedora-gcc, r-devel-windows-x86_64, r-patched-linux-x86_64, r-release-linux-x86_64, r-release-macos-arm64, r-release-macos-x86_64, r-release-windows-x86_64

Version: 3.0.2
Check: Rd cross-references
Result: NOTE Undeclared packages ‘gbm’, ‘randomForest’ in Rd xrefs Flavor: r-devel-linux-x86_64-fedora-clang