Last updated on 2023-11-29 18:48:58 CET.
Flavor | Version | Tinstall | Tcheck | Ttotal | Status | Flags |
---|---|---|---|---|---|---|
r-devel-linux-x86_64-debian-clang | 3.0.2 | 30.24 | 190.06 | 220.30 | NOTE | |
r-devel-linux-x86_64-debian-gcc | 3.0.2 | 22.35 | 137.96 | 160.31 | NOTE | |
r-devel-linux-x86_64-fedora-clang | 3.0.2 | 266.09 | NOTE | |||
r-devel-linux-x86_64-fedora-gcc | 3.0.2 | 252.79 | OK | |||
r-devel-windows-x86_64 | 3.0.2 | 24.00 | 145.00 | 169.00 | OK | |
r-patched-linux-x86_64 | 3.0.2 | 19.48 | 180.54 | 200.02 | OK | |
r-release-linux-x86_64 | 3.0.2 | 21.36 | 178.84 | 200.20 | OK | |
r-release-macos-arm64 | 3.0.2 | 62.00 | OK | |||
r-release-macos-x86_64 | 3.0.2 | 142.00 | OK | |||
r-release-windows-x86_64 | 3.0.2 | 34.00 | 173.00 | 207.00 | OK | |
r-oldrel-macos-arm64 | 3.0.2 | 68.00 | OK | |||
r-oldrel-macos-x86_64 | 3.0.2 | 96.00 | OK | |||
r-oldrel-windows-x86_64 | 3.0.2 | 35.00 | 176.00 | 211.00 | OK |
Version: 3.0.2
Check: Rd files
Result: NOTE
checkRd: (-1) app_server.Rd:10: Lost braces; missing escapes or markup?
10 | \item{input, output, session}{Internal parameters for {shiny}.
| ^
Flavors: r-devel-linux-x86_64-debian-clang, r-devel-linux-x86_64-debian-gcc
Version: 3.0.2
Check: Rd cross-references
Result: NOTE
Undeclared packages ‘gbm’, ‘randomForest’ in Rd xrefs
Flavor: r-devel-linux-x86_64-fedora-clang