Last updated on 2023-12-05 18:49:35 CET.
Flavor | Version | Tinstall | Tcheck | Ttotal | Status | Flags |
---|---|---|---|---|---|---|
r-devel-linux-x86_64-debian-clang | 2.0 | 4.90 | 63.75 | 68.65 | NOTE | |
r-devel-linux-x86_64-debian-gcc | 2.0 | 5.37 | 48.25 | 53.62 | NOTE | |
r-devel-linux-x86_64-fedora-clang | 2.0 | 88.92 | NOTE | |||
r-devel-linux-x86_64-fedora-gcc | 2.0 | 96.55 | NOTE | |||
r-devel-windows-x86_64 | 2.0 | 5.00 | 96.00 | 101.00 | OK | |
r-patched-linux-x86_64 | 2.0 | 7.40 | 61.87 | 69.27 | OK | |
r-release-linux-x86_64 | 2.0 | 5.02 | 60.81 | 65.83 | OK | |
r-release-macos-arm64 | 2.0 | 47.00 | OK | |||
r-release-macos-x86_64 | 2.0 | 120.00 | OK | |||
r-release-windows-x86_64 | 2.0 | 6.00 | 99.00 | 105.00 | OK | |
r-oldrel-macos-arm64 | 2.0 | 32.00 | OK | |||
r-oldrel-macos-x86_64 | 2.0 | 41.00 | OK | |||
r-oldrel-windows-x86_64 | 2.0 | 8.00 | 100.00 | 108.00 | OK |
Version: 2.0
Check: Rd files
Result: NOTE
checkRd: (-1) plconfint.Rd:30: Lost braces in \itemize; meant \describe ?
checkRd: (-1) plconfint.Rd:31-32: Lost braces in \itemize; meant \describe ?
checkRd: (-1) plconfint.Rd:33: Lost braces in \itemize; meant \describe ?
checkRd: (-1) plconfint.Rd:34-37: Lost braces in \itemize; meant \describe ?
checkRd: (-1) plconfint.Rd:95-98: Lost braces in \itemize; meant \describe ?
checkRd: (-1) plconfint.Rd:99-101: Lost braces in \itemize; meant \describe ?
checkRd: (-1) plconfint.Rd:102: Lost braces in \itemize; meant \describe ?
checkRd: (-1) plconfint.Rd:103-104: Lost braces in \itemize; meant \describe ?
checkRd: (-1) plot.inference.Rd:64-67: Lost braces in \itemize; meant \describe ?
checkRd: (-1) plot.inference.Rd:68-70: Lost braces in \itemize; meant \describe ?
checkRd: (-1) plot.inference.Rd:71: Lost braces in \itemize; meant \describe ?
checkRd: (-1) plot.inference.Rd:72-73: Lost braces in \itemize; meant \describe ?
checkRd: (-1) termtable.Rd:49: Lost braces; missing escapes or markup?
49 | --- {F}{or t for objects of class \code{lm, lmrob} and \code{glm}
| ^
checkRd: (-1) termtable.Rd:49-50: Lost braces
49 | --- {F}{or t for objects of class \code{lm, lmrob} and \code{glm}
| ^
checkRd: (-1) termtable.Rd:51: Lost braces; missing escapes or markup?
51 | --- {Chi-squared}{for other \code{glm}s and \code{survreg}}\cr
| ^
checkRd: (-1) termtable.Rd:51: Lost braces
51 | --- {Chi-squared}{for other \code{glm}s and \code{survreg}}\cr
| ^
Flavors: r-devel-linux-x86_64-debian-clang, r-devel-linux-x86_64-debian-gcc
Version: 2.0
Check: data for non-ASCII characters
Result: NOTE
Note: found 1 marked UTF-8 string
Flavors: r-devel-linux-x86_64-fedora-clang, r-devel-linux-x86_64-fedora-gcc