Last updated on 2023-12-02 18:53:54 CET.
Flavor | Version | Tinstall | Tcheck | Ttotal | Status | Flags |
---|---|---|---|---|---|---|
r-devel-linux-x86_64-debian-clang | 1.0 | 3.42 | 57.88 | 61.30 | NOTE | |
r-devel-linux-x86_64-debian-gcc | 1.0 | 2.29 | 43.15 | 45.44 | NOTE | |
r-devel-linux-x86_64-fedora-clang | 1.0 | 74.89 | NOTE | |||
r-devel-linux-x86_64-fedora-gcc | 1.0 | 83.70 | NOTE | |||
r-devel-windows-x86_64 | 1.0 | 4.00 | 68.00 | 72.00 | NOTE | |
r-patched-linux-x86_64 | 1.0 | 2.63 | 55.45 | 58.08 | NOTE | |
r-release-linux-x86_64 | 1.0 | 2.97 | 55.40 | 58.37 | NOTE | |
r-release-macos-arm64 | 1.0 | 41.00 | NOTE | |||
r-release-macos-x86_64 | 1.0 | 60.00 | NOTE | |||
r-release-windows-x86_64 | 1.0 | 5.00 | 76.00 | 81.00 | NOTE | |
r-oldrel-macos-arm64 | 1.0 | 29.00 | NOTE | |||
r-oldrel-macos-x86_64 | 1.0 | 37.00 | NOTE | |||
r-oldrel-windows-x86_64 | 1.0 | 5.00 | 76.00 | 81.00 | NOTE |
Version: 1.0
Check: LazyData
Result: NOTE
'LazyData' is specified without a 'data' directory
Flavors: r-devel-linux-x86_64-debian-clang, r-devel-linux-x86_64-debian-gcc, r-devel-linux-x86_64-fedora-clang, r-devel-linux-x86_64-fedora-gcc, r-devel-windows-x86_64, r-patched-linux-x86_64, r-release-linux-x86_64, r-release-macos-arm64, r-release-macos-x86_64, r-release-windows-x86_64, r-oldrel-macos-arm64, r-oldrel-macos-x86_64, r-oldrel-windows-x86_64