CRAN Package Check Results for Package relliptical

Last updated on 2023-11-29 18:48:58 CET.

Flavor Version Tinstall Tcheck Ttotal Status Flags
r-devel-linux-x86_64-debian-clang 1.2.0 49.66 70.84 120.50 NOTE
r-devel-linux-x86_64-debian-gcc 1.2.0 43.22 50.87 94.09 NOTE
r-devel-linux-x86_64-fedora-clang 1.2.0 170.19 NOTE
r-devel-linux-x86_64-fedora-gcc 1.2.0 179.52 NOTE
r-devel-windows-x86_64 1.2.0 43.00 94.00 137.00 NOTE
r-patched-linux-x86_64 1.2.0 44.49 65.66 110.15 NOTE
r-release-linux-x86_64 1.2.0 52.20 65.64 117.84 NOTE
r-release-macos-arm64 1.2.0 50.00 NOTE
r-release-macos-x86_64 1.2.0 80.00 NOTE
r-release-windows-x86_64 1.2.0 60.00 103.00 163.00 NOTE
r-oldrel-macos-arm64 1.2.0 55.00 NOTE
r-oldrel-macos-x86_64 1.2.0 59.00 NOTE
r-oldrel-windows-x86_64 1.2.0 55.00 103.00 158.00 OK

Check Details

Version: 1.2.0
Check: C++ specification
Result: NOTE Specified C++11: please drop specification unless essential Flavors: r-devel-linux-x86_64-debian-clang, r-devel-linux-x86_64-debian-gcc, r-devel-linux-x86_64-fedora-clang, r-devel-linux-x86_64-fedora-gcc, r-devel-windows-x86_64, r-patched-linux-x86_64, r-release-linux-x86_64, r-release-macos-arm64, r-release-macos-x86_64, r-release-windows-x86_64

Version: 1.2.0
Check: package subdirectories
Result: NOTE Problems with news in ‘NEWS.md’: No news entries found. Flavors: r-devel-linux-x86_64-debian-clang, r-devel-linux-x86_64-debian-gcc, r-devel-linux-x86_64-fedora-clang, r-devel-linux-x86_64-fedora-gcc, r-devel-windows-x86_64, r-patched-linux-x86_64, r-release-linux-x86_64, r-release-macos-arm64, r-release-macos-x86_64, r-release-windows-x86_64

Version: 1.2.0
Check: installed package size
Result: NOTE installed size is 6.7Mb sub-directories of 1Mb or more: libs 6.5Mb Flavors: r-release-macos-arm64, r-release-macos-x86_64, r-oldrel-macos-arm64, r-oldrel-macos-x86_64