Last updated on 2023-12-04 18:52:27 CET.
Flavor | Version | Tinstall | Tcheck | Ttotal | Status | Flags |
---|---|---|---|---|---|---|
r-devel-linux-x86_64-debian-clang | 0.0.1 | 24.12 | 39.38 | 63.50 | WARN | |
r-devel-linux-x86_64-debian-gcc | 0.0.1 | 16.23 | 30.42 | 46.65 | OK | |
r-devel-linux-x86_64-fedora-clang | 0.0.1 | 86.08 | OK | |||
r-devel-linux-x86_64-fedora-gcc | 0.0.1 | 99.67 | OK | |||
r-devel-windows-x86_64 | 0.0.1 | 20.00 | 70.00 | 90.00 | OK | |
r-patched-linux-x86_64 | 0.0.1 | 19.53 | 37.48 | 57.01 | OK | |
r-release-linux-x86_64 | 0.0.1 | 22.31 | 37.76 | 60.07 | OK | |
r-release-macos-arm64 | 0.0.1 | 34.00 | OK | |||
r-release-macos-x86_64 | 0.0.1 | 52.00 | OK | |||
r-release-windows-x86_64 | 0.0.1 | 25.00 | 74.00 | 99.00 | OK | |
r-oldrel-macos-arm64 | 0.0.1 | 32.00 | OK | |||
r-oldrel-macos-x86_64 | 0.0.1 | 39.00 | OK | |||
r-oldrel-windows-x86_64 | 0.0.1 | 23.00 | 80.00 | 103.00 | OK |
Version: 0.0.1
Check: whether package can be installed
Result: WARN
Found the following significant warnings:
/home/hornik/tmp/R.check/r-devel-clang/Work/build/Packages/progress/include/RProgress.h:229:11: warning: format string is not a string literal (potentially insecure) [-Wformat-security]
/home/hornik/tmp/R.check/r-devel-clang/Work/build/Packages/progress/include/RProgress.h:231:10: warning: format string is not a string literal (potentially insecure) [-Wformat-security]
/home/hornik/tmp/R.check/r-devel-clang/Work/build/Packages/progress/include/RProgress.h:272:16: warning: format string is not a string literal (potentially insecure) [-Wformat-security]
/home/hornik/tmp/R.check/r-devel-clang/Work/build/Packages/progress/include/RProgress.h:274:15: warning: format string is not a string literal (potentially insecure) [-Wformat-security]
See ‘/home/hornik/tmp/R.check/r-devel-clang/Work/PKGS/rema.Rcheck/00install.out’ for details.
* used C++ compiler: ‘Debian clang version 17.0.5 (1)’
Flavor: r-devel-linux-x86_64-debian-clang