Last updated on 2023-12-01 18:51:17 CET.
Flavor | Version | Tinstall | Tcheck | Ttotal | Status | Flags |
---|---|---|---|---|---|---|
r-devel-linux-x86_64-debian-clang | 1.0.2 | 19.47 | 206.71 | 226.18 | OK | |
r-devel-linux-x86_64-debian-gcc | 1.0.2 | 11.81 | 151.80 | 163.61 | OK | |
r-devel-linux-x86_64-fedora-clang | 1.0.2 | 275.09 | OK | |||
r-devel-linux-x86_64-fedora-gcc | 1.0.2 | 277.17 | OK | |||
r-devel-windows-x86_64 | 1.0.2 | 19.00 | 153.00 | 172.00 | OK | |
r-patched-linux-x86_64 | 1.0.2 | 12.29 | 196.62 | 208.91 | OK | |
r-release-linux-x86_64 | 1.0.2 | 12.00 | 194.82 | 206.82 | OK | |
r-release-macos-arm64 | 1.0.2 | 89.00 | OK | |||
r-release-macos-x86_64 | 1.0.2 | 129.00 | NOTE | |||
r-release-windows-x86_64 | 1.0.2 | 22.00 | 199.00 | 221.00 | OK | |
r-oldrel-macos-arm64 | 1.0.2 | 87.00 | OK | |||
r-oldrel-macos-x86_64 | 1.0.2 | 100.00 | OK | |||
r-oldrel-windows-x86_64 | 1.0.2 | 22.00 | 194.00 | 216.00 | OK |
Version: 1.0.2
Check: package dependencies
Result: NOTE
Package suggested but not available for checking: ‘ggpubr’
Flavor: r-release-macos-x86_64