CRAN Package Check Results for Package remotes

Last updated on 2024-06-13 20:49:25 CEST.

Flavor Version Tinstall Tcheck Ttotal Status Flags
r-devel-linux-x86_64-debian-clang 2.5.0 7.15 51.16 58.31 OK
r-devel-linux-x86_64-debian-gcc 2.5.0 5.05 37.06 42.11 ERROR
r-devel-linux-x86_64-fedora-clang 2.5.0 74.12 OK
r-devel-linux-x86_64-fedora-gcc 2.5.0 80.97 OK
r-devel-windows-x86_64 2.5.0 6.00 61.00 67.00 OK
r-patched-linux-x86_64 2.5.0 9.19 48.67 57.86 OK
r-release-linux-x86_64 2.5.0 7.32 48.28 55.60 OK
r-release-macos-arm64 2.5.0 27.00 OK
r-release-macos-x86_64 2.5.0 41.00 OK
r-release-windows-x86_64 2.5.0 7.00 70.00 77.00 OK
r-oldrel-macos-arm64 2.5.0 60.00 OK
r-oldrel-macos-x86_64 2.5.0 114.00 OK
r-oldrel-windows-x86_64 2.5.0 8.00 67.00 75.00 OK

Check Details

Version: 2.5.0
Check: package dependencies
Result: NOTE Packages suggested but not available for checking: 'mockery', 'testthat' Flavor: r-devel-linux-x86_64-debian-gcc

Version: 2.5.0
Check: tests
Result: ERROR Running ‘testthat.R’ [0s/1s] Running the tests in ‘tests/testthat.R’ failed. Complete output: > # This file is part of the standard setup for testthat. > # It is recommended that you do not modify it. > # > # Where should you do additional test configuration? > # Learn more about the roles of various files in: > # * https://r-pkgs.org/testing-design.html#sec-tests-files-overview > # * https://testthat.r-lib.org/articles/special-files.html > > library(testthat) Error in library(testthat) : there is no package called 'testthat' Execution halted Flavor: r-devel-linux-x86_64-debian-gcc