Last updated on 2023-12-05 18:49:35 CET.
Flavor | Version | Tinstall | Tcheck | Ttotal | Status | Flags |
---|---|---|---|---|---|---|
r-devel-linux-x86_64-debian-clang | 0.1.7 | 4.66 | 35.63 | 40.29 | NOTE | |
r-devel-linux-x86_64-debian-gcc | 0.1.7 | 3.55 | 27.23 | 30.78 | NOTE | |
r-devel-linux-x86_64-fedora-clang | 0.1.7 | 50.06 | NOTE | |||
r-devel-linux-x86_64-fedora-gcc | 0.1.7 | 46.51 | NOTE | |||
r-devel-windows-x86_64 | 0.1.7 | 5.00 | 54.00 | 59.00 | NOTE | |
r-patched-linux-x86_64 | 0.1.7 | 3.69 | 33.85 | 37.54 | NOTE | |
r-release-linux-x86_64 | 0.1.7 | 2.85 | 33.95 | 36.80 | NOTE | |
r-release-macos-arm64 | 0.1.7 | 20.00 | NOTE | |||
r-release-macos-x86_64 | 0.1.7 | 26.00 | NOTE | |||
r-release-windows-x86_64 | 0.1.7 | 6.00 | 56.00 | 62.00 | NOTE | |
r-oldrel-macos-arm64 | 0.1.7 | 21.00 | NOTE | |||
r-oldrel-macos-x86_64 | 0.1.7 | 29.00 | NOTE | |||
r-oldrel-windows-x86_64 | 0.1.7 | 7.00 | 54.00 | 61.00 | NOTE |
Version: 0.1.7
Check: LazyData
Result: NOTE
'LazyData' is specified without a 'data' directory
Flavors: r-devel-linux-x86_64-debian-clang, r-devel-linux-x86_64-debian-gcc, r-devel-linux-x86_64-fedora-clang, r-devel-linux-x86_64-fedora-gcc, r-devel-windows-x86_64, r-patched-linux-x86_64, r-release-linux-x86_64, r-release-macos-arm64, r-release-macos-x86_64, r-release-windows-x86_64, r-oldrel-macos-arm64, r-oldrel-macos-x86_64, r-oldrel-windows-x86_64