CRAN Package Check Results for Package repmod

Last updated on 2024-06-13 20:49:25 CEST.

Flavor Version Tinstall Tcheck Ttotal Status Flags
r-devel-linux-x86_64-debian-clang 0.1.7 4.33 35.71 40.04 NOTE
r-devel-linux-x86_64-debian-gcc 0.1.7 0.35 1.76 2.11 ERROR
r-devel-linux-x86_64-fedora-clang 0.1.7 51.10 NOTE
r-devel-linux-x86_64-fedora-gcc 0.1.7 46.90 NOTE
r-devel-windows-x86_64 0.1.7 5.00 51.00 56.00 NOTE
r-patched-linux-x86_64 0.1.7 3.61 35.16 38.77 NOTE
r-release-linux-x86_64 0.1.7 3.55 35.10 38.65 NOTE
r-release-macos-arm64 0.1.7 17.00 NOTE
r-release-macos-x86_64 0.1.7 27.00 NOTE
r-release-windows-x86_64 0.1.7 5.00 52.00 57.00 NOTE
r-oldrel-macos-arm64 0.1.7 20.00 NOTE
r-oldrel-macos-x86_64 0.1.7 26.00 NOTE
r-oldrel-windows-x86_64 0.1.7 6.00 55.00 61.00 NOTE

Check Details

Version: 0.1.7
Check: LazyData
Result: NOTE 'LazyData' is specified without a 'data' directory Flavors: r-devel-linux-x86_64-debian-clang, r-devel-linux-x86_64-fedora-clang, r-devel-linux-x86_64-fedora-gcc, r-devel-windows-x86_64, r-patched-linux-x86_64, r-release-linux-x86_64, r-release-macos-arm64, r-release-macos-x86_64, r-release-windows-x86_64, r-oldrel-macos-arm64, r-oldrel-macos-x86_64, r-oldrel-windows-x86_64

Version: 0.1.7
Check: package dependencies
Result: ERROR Packages required but not available: 'lme4', 'lmerTest' See section ‘The DESCRIPTION file’ in the ‘Writing R Extensions’ manual. Flavor: r-devel-linux-x86_64-debian-gcc