CRAN Package Check Results for Package represtools

Last updated on 2024-02-24 18:55:01 CET.

Flavor Version Tinstall Tcheck Ttotal Status Flags
r-devel-linux-x86_64-debian-clang 0.1.3 2.44 27.01 29.45 NOTE
r-devel-linux-x86_64-debian-gcc 0.1.3 1.79 21.00 22.79 NOTE
r-devel-linux-x86_64-fedora-clang 0.1.3 37.34 NOTE
r-devel-linux-x86_64-fedora-gcc 0.1.3 46.83 NOTE
r-devel-windows-x86_64 0.1.3 3.00 45.00 48.00 NOTE
r-patched-linux-x86_64 0.1.3 2.78 25.95 28.73 NOTE
r-release-linux-x86_64 0.1.3 2.32 26.19 28.51 NOTE
r-release-macos-arm64 0.1.3 23.00 NOTE
r-release-macos-x86_64 0.1.3 29.00 NOTE
r-release-windows-x86_64 0.1.3 4.00 44.00 48.00 NOTE
r-oldrel-macos-arm64 0.1.3 18.00 NOTE
r-oldrel-windows-x86_64 0.1.3 4.00 50.00 54.00 NOTE

Check Details

Version: 0.1.3
Check: LazyData
Result: NOTE 'LazyData' is specified without a 'data' directory Flavors: r-devel-linux-x86_64-debian-clang, r-devel-linux-x86_64-debian-gcc, r-devel-linux-x86_64-fedora-clang, r-devel-linux-x86_64-fedora-gcc, r-devel-windows-x86_64, r-patched-linux-x86_64, r-release-linux-x86_64, r-release-macos-arm64, r-release-macos-x86_64, r-release-windows-x86_64, r-oldrel-macos-arm64, r-oldrel-windows-x86_64