Last updated on 2023-09-30 19:55:57 CEST.
Flavor | Version | Tinstall | Tcheck | Ttotal | Status | Flags |
---|---|---|---|---|---|---|
r-devel-linux-x86_64-debian-clang | 0.8.9 | 4.60 | 40.73 | 45.33 | NOTE | |
r-devel-linux-x86_64-debian-gcc | 0.8.9 | 3.11 | 31.40 | 34.51 | NOTE | |
r-devel-linux-x86_64-fedora-clang | 0.8.9 | 58.11 | NOTE | |||
r-devel-linux-x86_64-fedora-gcc | 0.8.9 | 54.49 | NOTE | |||
r-devel-windows-x86_64 | 0.8.9 | 5.00 | 58.00 | 63.00 | NOTE | |
r-patched-linux-x86_64 | 0.8.9 | 4.52 | 40.26 | 44.78 | NOTE | |
r-release-linux-x86_64 | 0.8.9 | 3.82 | 39.96 | 43.78 | NOTE | |
r-release-macos-arm64 | 0.8.9 | 22.00 | NOTE | |||
r-release-macos-x86_64 | 0.8.9 | 31.00 | NOTE | |||
r-release-windows-x86_64 | 0.8.9 | 7.00 | 64.00 | 71.00 | NOTE | |
r-oldrel-macos-arm64 | 0.8.9 | 24.00 | OK | |||
r-oldrel-macos-x86_64 | 0.8.9 | 30.00 | OK | |||
r-oldrel-windows-x86_64 | 0.8.9 | 9.00 | 64.00 | 73.00 | OK |
Version: 0.8.9
Check: Rd files
Result: NOTE
checkRd: (-1) as-data-frame-cast-df-v7.rd:3: Escaped LaTeX specials: \_
checkRd: (-1) as-data-frame-cast-matrix-59.rd:3: Escaped LaTeX specials: \_
checkRd: (-1) as-matrix-cast-df-bu.rd:3: Escaped LaTeX specials: \_
checkRd: (-1) as-matrix-cast-matrix-2y.rd:3: Escaped LaTeX specials: \_
checkRd: (-1) cast-9g.rd:19: Escaped LaTeX specials: \_ \_
checkRd: (-1) cast-9g.rd:41: Escaped LaTeX specials: \_
checkRd: (-1) cast-9g.rd:46: Escaped LaTeX specials: \_ \_
checkRd: (-1) clean-vars-rc.rd:13: Escaped LaTeX specials: \_
checkRd: (-1) expand-kx.rd:15: Escaped LaTeX specials: \_
checkRd: (-1) reshape-4u.rd:17: Escaped LaTeX specials: \_ \_
Flavors: r-devel-linux-x86_64-debian-clang, r-devel-linux-x86_64-debian-gcc, r-devel-linux-x86_64-fedora-clang, r-devel-linux-x86_64-fedora-gcc, r-devel-windows-x86_64, r-patched-linux-x86_64, r-release-linux-x86_64, r-release-macos-arm64, r-release-macos-x86_64, r-release-windows-x86_64