Last updated on 2023-04-01 20:50:57 CEST.
Flavor | Version | Tinstall | Tcheck | Ttotal | Status | Flags |
---|---|---|---|---|---|---|
r-devel-linux-x86_64-debian-clang | 1.4.4 | 24.64 | 42.31 | 66.95 | NOTE | |
r-devel-linux-x86_64-debian-gcc | 1.4.4 | 20.20 | 32.31 | 52.51 | NOTE | |
r-devel-linux-x86_64-fedora-clang | 1.4.4 | 89.66 | NOTE | |||
r-devel-linux-x86_64-fedora-gcc | 1.4.4 | 80.40 | NOTE | |||
r-patched-linux-x86_64 | 1.4.4 | 19.29 | 42.48 | 61.77 | NOTE | |
r-release-linux-x86_64 | 1.4.4 | 18.67 | 40.64 | 59.31 | OK | |
r-release-macos-arm64 | 1.4.4 | 22.00 | OK | |||
r-release-macos-x86_64 | 1.4.4 | 34.00 | OK | |||
r-release-windows-x86_64 | 1.4.4 | 39.00 | 93.00 | 132.00 | OK | |
r-oldrel-macos-arm64 | 1.4.4 | 26.00 | OK | |||
r-oldrel-macos-x86_64 | 1.4.4 | 38.00 | OK | |||
r-oldrel-windows-ix86+x86_64 | 1.4.4 | 52.00 | 94.00 | 146.00 | OK |
Version: 1.4.4
Check: Rd files
Result: NOTE
checkRd: (-1) cast.Rd:45: Escaped LaTeX specials: \_
checkRd: (-1) cast.Rd:46: Escaped LaTeX specials: \_
Flavors: r-devel-linux-x86_64-debian-clang, r-devel-linux-x86_64-debian-gcc, r-devel-linux-x86_64-fedora-clang, r-devel-linux-x86_64-fedora-gcc, r-patched-linux-x86_64