CRAN Package Check Results for Package restoptr

Last updated on 2024-02-23 18:55:10 CET.

Flavor Version Tinstall Tcheck Ttotal Status Flags
r-devel-linux-x86_64-debian-clang 1.0.6 OK
r-devel-linux-x86_64-debian-gcc 1.0.6 21.61 333.31 354.92 OK
r-devel-linux-x86_64-fedora-clang 1.0.6 579.35 NOTE
r-devel-linux-x86_64-fedora-gcc 1.0.6 609.34 OK
r-devel-windows-x86_64 1.0.6 22.00 331.00 353.00 NOTE
r-patched-linux-x86_64 1.0.6 29.29 448.45 477.74 OK
r-release-linux-x86_64 1.0.6 25.19 446.36 471.55 OK
r-release-macos-arm64 1.0.6 165.00 NOTE
r-release-macos-x86_64 1.0.6 418.00 NOTE
r-release-windows-x86_64 1.0.6 23.00 410.00 433.00 NOTE
r-oldrel-macos-arm64 1.0.6 144.00 NOTE
r-oldrel-windows-x86_64 1.0.6 31.00 394.00 425.00 ERROR

Check Details

Version: 1.0.6
Check: installed package size
Result: NOTE installed size is 5.2Mb sub-directories of 1Mb or more: extdata 1.3Mb java 2.9Mb Flavors: r-devel-linux-x86_64-fedora-clang, r-devel-windows-x86_64, r-release-macos-arm64, r-release-macos-x86_64, r-release-windows-x86_64, r-oldrel-macos-arm64, r-oldrel-windows-x86_64

Version: 1.0.6
Check: tests
Result: ERROR Running 'testthat.R' [176s] Running the tests in 'tests/testthat.R' failed. Complete output: > # load packages > library(testthat) > library(restoptr) Loading required package: terra terra 1.7.71 Attaching package: 'terra' The following objects are masked from 'package:testthat': compare, describe Loading required package: rJava Loading required package: units udunits database from D:/RCompile/CRANpkg/lib/4.2/units/share/udunits/udunits2.xml > > # enable parallel testing > Sys.unsetenv("R_TESTS") > > # run tests > test_check("restoptr") Height = 117 Width = 170 Current landscape state loaded Habitat cells = 2682 Non habitat cells = 2094 Accessible non habitat cells = 604 Out cells = 15114 MESH initial = 642.2554438860972 Model[Model-0], 1 Solutions, MAXIMIZE MESH = 6429460, Resolution time 0,050s, Time to best solution 0,020s, 11 Nodes (221,7 n/s), 0 Backtracks, 0 Backjumps, 0 Fails, 0 Restarts <1b>[0mModel[Model-0], 2 Solutions, MAXIMIZE MESH = 6430362, Resolution time 0,061s, Time to best solution 0,060s, 19 Nodes (313,9 n/s), 11 Backtracks, 0 Backjumps, 5 Fails, 0 Restarts <1b>[0mModel[Model-0], 3 Solutions, MAXIMIZE MESH = 6431753, Resolution time 0,063s, Time to best solution 0,063s, 28 Nodes (444,9 n/s), 27 Backtracks, 0 Backjumps, 12 Fails, 0 Restarts <1b>[0mModel[Model-0], 4 Solutions, MAXIMIZE MESH = 6685737, Resolution time 0,073s, Time to best solution 0,073s, 69 Nodes (944,8 n/s), 49 Backtracks, 0 Backjumps, 22 Fails, 0 Restarts <1b>[0mModel[Model-0], 5 Solutions, MAXIMIZE MESH = 6687825, Resolution time 0,076s, Time to best solution 0,075s, 70 Nodes (924,7 n/s), 88 Backtracks, 0 Backjumps, 41 Fails, 0 Restarts <1b>[0mModel[Model-0], 6 Solutions, MAXIMIZE MESH = 6694104, Resolution time 0,104s, Time to best solution 0,103s, 147 Nodes (1.419,9 n/s), 194 Backtracks, 0 Backjumps, 96 Fails, 0 Restarts <1b>[0mModel[Model-0], 7 Solutions, MAXIMIZE MESH = 6696212, Resolution time 0,119s, Time to best solution 0,118s, 190 Nodes (1.597,2 n/s), 272 Backtracks, 0 Backjumps, 134 Fails, 0 Restarts <1b>[0mModel[Model-0], 8 Solutions, MAXIMIZE MESH = 6732332, Resolution time 0,321s, Time to best solution 0,321s, 1273 Nodes (3.965,1 n/s), 2392 Backtracks, 0 Backjumps, 1222 Fails, 0 Restarts <1b>[0mModel[Model-0], 9 Solutions, MAXIMIZE MESH = 8742169, Resolution time 0,471s, Time to best solution 0,470s, 1758 Nodes (3.736,2 n/s), 3027 Backtracks, 0 Backjumps, 1681 Fails, 0 Restarts <1b>[0mModel[Model-0], 10 Solutions, MAXIMIZE MESH = 8775750, Resolution time 0,691s, Time to best solution 0,690s, 4468 Nodes (6.470,4 n/s), 8449 Backtracks, 0 Backjumps, 4397 Fails, 0 Restarts <1b>[0mModel[Model-0], 10 Solutions, MAXIMIZE MESH = 8775750, Resolution time 2,100s, Time to best solution 0,690s, 25140 Nodes (11.974,1 n/s), 50261 Backtracks, 0 Backjumps, 25121 Fails, 0 Restarts <1b>[0mHeight = 117 Width = 170 Current landscape state loaded Habitat cells = 2682 Non habitat cells = 2094 Accessible non habitat cells = 652 Out cells = 15114 MESH initial = 642.2554438860972 Model[Model-1], 1 Solutions, MAXIMIZE MESH = 6430027, Resolution time 0,004s, Time to best solution 0,004s, 14 Nodes (3.378,2 n/s), 0 Backtracks, 0 Backjumps, 0 Fails, 0 Restarts <1b>[0mModel[Model-1], 2 Solutions, MAXIMIZE MESH = 6430921, Resolution time 0,007s, Time to best solution 0,006s, 25 Nodes (3.670,4 n/s), 17 Backtracks, 0 Backjumps, 8 Fails, 0 Restarts <1b>[0mModel[Model-1], 3 Solutions, MAXIMIZE MESH = 6432242, Resolution time 0,009s, Time to best solution 0,009s, 36 Nodes (3.853,9 n/s), 39 Backtracks, 0 Backjumps, 18 Fails, 0 Restarts <1b>[0mModel[Model-1], 4 Solutions, MAXIMIZE MESH = 6689916, Resolution time 0,018s, Time to best solution 0,018s, 79 Nodes (4.376,0 n/s), 65 Backtracks, 0 Backjumps, 30 Fails, 0 Restarts <1b>[0mModel[Model-1], 5 Solutions, MAXIMIZE MESH = 6698472, Resolution time 0,051s, Time to best solution 0,051s, 188 Nodes (3.656,9 n/s), 265 Backtracks, 0 Backjumps, 133 Fails, 0 Restarts <1b>[0mModel[Model-1], 6 Solutions, MAXIMIZE MESH = 6739631, Resolution time 0,632s, Time to best solution 0,632s, 3470 Nodes (5.487,2 n/s), 6778 Backtracks, 0 Backjumps, 3421 Fails, 0 Restarts <1b>[0mModel[Model-1], 7 Solutions, MAXIMIZE MESH = 8708499, Resolution time 0,766s, Time to best solution 0,765s, 4093 Nodes (5.345,1 n/s), 7658 Backtracks, 0 Backjumps, 4025 Fails, 0 Restarts <1b>[0mModel[Model-1], 8 Solutions, MAXIMIZE MESH = 8716910, Resolution time 0,847s, Time to best solution 0,846s, 4500 Nodes (5.315,6 n/s), 8558 Backtracks, 0 Backjumps, 4475 Fails, 0 Restarts <1b>[0mModel[Model-1], 9 Solutions, MAXIMIZE MESH = 8750597, Resolution time 0,851s, Time to best solution 0,851s, 4576 Nodes (5.378,1 n/s), 8605 Backtracks, 0 Backjumps, 4498 Fails, 0 Restarts <1b>[0mModel[Model-1], 10 Solutions, MAXIMIZE MESH = 8759028, Resolution time 0,852s, Time to best solution 0,852s, 4577 Nodes (5.372,5 n/s), 8716 Backtracks, 0 Backjumps, 4553 Fails, 0 Restarts <1b>[0mModel[Model-1], 11 Solutions, MAXIMIZE MESH = 8767464, Resolution time 0,853s, Time to best solution 0,853s, 4582 Nodes (5.370,8 n/s), 8721 Backtracks, 0 Backjumps, 4556 Fails, 0 Restarts <1b>[0mModel[Model-1], 12 Solutions, MAXIMIZE MESH = 8801093, Resolution time 0,997s, Time to best solution 0,996s, 8188 Nodes (8.214,2 n/s), 15833 Backtracks, 0 Backjumps, 8111 Fails, 0 Restarts <1b>[0mModel[Model-1], 13 Solutions, MAXIMIZE MESH = 8809552, Resolution time 0,999s, Time to best solution 0,998s, 8242 Nodes (8.254,2 n/s), 15935 Backtracks, 0 Backjumps, 8161 Fails, 0 Restarts <1b>[0mModel[Model-1], 13 Solutions, MAXIMIZE MESH = 8809552, Resolution time 2,199s, Time to best solution 0,998s, 32145 Nodes (14.616,1 n/s), 64265 Backtracks, 0 Backjumps, 32120 Fails, 0 Restarts <1b>[0m |---------|---------|---------|---------| ========================================= Height = 117 Width = 170 Current landscape state loaded Habitat cells = 2682 Non habitat cells = 2094 Accessible non habitat cells = 2094 Out cells = 15114 Model[Model-2], 1 Solutions, Resolution time 0,002s, 22 Nodes (9.211,2 n/s), 0 Backtracks, 0 Backjumps, 0 Fails, 0 Restarts <1b>[0mHeight = 117 Width = 170 Current landscape state loaded Habitat cells = 2682 Non habitat cells = 2094 Accessible non habitat cells = 2094 Out cells = 15114 Model[Model-3], 1 Solutions, Resolution time 0,010s, 27 Nodes (2.704,9 n/s), 0 Backtracks, 0 Backjumps, 0 Fails, 0 Restarts <1b>[0mHeight = 117 Width = 170 Current landscape state loaded Habitat cells = 2682 Non habitat cells = 2094 Accessible non habitat cells = 2094 Out cells = 15114 Model[Model-4], 1 Solutions, Resolution time 0,012s, 56 Nodes (4.599,2 n/s), 0 Backtracks, 0 Backjumps, 0 Fails, 0 Restarts <1b>[0mHeight = 117 Width = 170 Current landscape state loaded Habitat cells = 2682 Non habitat cells = 2094 Accessible non habitat cells = 2094 Out cells = 15114 Model[Model-5], 1 Solutions, Resolution time 0,199s, 410 Nodes (2.062,9 n/s), 0 Backtracks, 0 Backjumps, 0 Fails, 0 Restarts <1b>[0mHeight = 117 Width = 170 Current landscape state loaded Habitat cells = 2682 Non habitat cells = 2094 Accessible non habitat cells = 2094 Out cells = 15114 Model[Model-6], 1 Solutions, Resolution time 0,125s, 506 Nodes (4.049,3 n/s), 0 Backtracks, 0 Backjumps, 0 Fails, 0 Restarts <1b>[0mHeight = 117 Width = 170 Current landscape state loaded Habitat cells = 2682 Non habitat cells = 2094 Accessible non habitat cells = 2094 Out cells = 15114 Model[Model-7], 1 Solutions, Resolution time 0,005s, 27 Nodes (5.965,3 n/s), 0 Backtracks, 0 Backjumps, 0 Fails, 0 Restarts <1b>[0mHeight = 117 Width = 170 Current landscape state loaded Habitat cells = 2682 Non habitat cells = 2094 Accessible non habitat cells = 146 Out cells = 15114 MESH initial = 642.2554438860972 Model[Model-8], 1 Solutions, MAXIMIZE MESH = 7084891, Resolution time 0,003s, Time to best solution 0,003s, 147 Nodes (47.913,9 n/s), 0 Backtracks, 0 Backjumps, 0 Fails, 0 Restarts <1b>[0mModel[Model-8], 1 Solutions, MAXIMIZE MESH = 7084891, Resolution time 0,004s, Time to best solution 0,003s, 147 Nodes (37.471,3 n/s), 293 Backtracks, 0 Backjumps, 146 Fails, 0 Restarts <1b>[0mHeight = 117 Width = 170 Current landscape state loaded Habitat cells = 2682 Non habitat cells = 2094 Accessible non habitat cells = 652 Out cells = 15114 MESH initial = 642.2554438860972 Model[Model-9], 1 Solutions, MAXIMIZE MESH = 13985838, Resolution time 0,036s, Time to best solution 0,035s, 653 Nodes (18.320,9 n/s), 0 Backtracks, 0 Backjumps, 0 Fails, 0 Restarts <1b>[0mModel[Model-9], 1 Solutions, MAXIMIZE MESH = 13985838, Resolution time 0,037s, Time to best solution 0,035s, 653 Nodes (17.585,5 n/s), 1305 Backtracks, 0 Backjumps, 652 Fails, 0 Restarts <1b>[0mHeight = 117 Width = 170 Current landscape state loaded Habitat cells = 2682 Non habitat cells = 2094 Accessible non habitat cells = 0 Out cells = 15114 MESH initial = 642.2554438860972 Model[Model-10], 1 Solutions, MAXIMIZE MESH = 6422554, Resolution time 0,001s, Time to best solution 0,000s, 1 Nodes (1.530,9 n/s), 0 Backtracks, 0 Backjumps, 0 Fails, 0 Restarts <1b>[0mModel[Model-10], 1 Solutions, MAXIMIZE MESH = 6422554, Resolution time 0,001s, Time to best solution 0,000s, 1 Nodes (759,8 n/s), 1 Backtracks, 0 Backjumps, 0 Fails, 0 Restarts <1b>[0m |---------|---------|---------|---------| ========================================= Height = 117 Width = 170 Current landscape state loaded Habitat cells = 2682 Non habitat cells = 2094 Accessible non habitat cells = 146 Out cells = 15114 Model[Model-11], 1 Solutions, Resolution time 0,137s, 17 Nodes (124,1 n/s), 6 Backtracks, 0 Backjumps, 5 Fails, 0 Restarts <1b>[0mModel[Model-11], 2 Solutions, Resolution time 0,139s, 18 Nodes (129,6 n/s), 7 Backtracks, 0 Backjumps, 5 Fails, 0 Restarts <1b>[0mModel[Model-11], 3 Solutions, Resolution time 0,142s, 20 Nodes (140,5 n/s), 9 Backtracks, 0 Backjumps, 5 Fails, 0 Restarts <1b>[0mModel[Model-11], 4 Solutions, Resolution time 0,145s, 21 Nodes (144,7 n/s), 10 Backtracks, 0 Backjumps, 5 Fails, 0 Restarts <1b>[0mModel[Model-11], 5 Solutions, Resolution time 0,150s, 24 Nodes (160,1 n/s), 13 Backtracks, 0 Backjumps, 5 Fails, 0 Restarts <1b>[0mModel[Model-11], 6 Solutions, Resolution time 0,152s, 25 Nodes (163,9 n/s), 14 Backtracks, 0 Backjumps, 5 Fails, 0 Restarts <1b>[0mModel[Model-11], 7 Solutions, Resolution time 0,156s, 27 Nodes (172,9 n/s), 16 Backtracks, 0 Backjumps, 5 Fails, 0 Restarts <1b>[0mModel[Model-11], 8 Solutions, Resolution time 0,159s, 28 Nodes (176,4 n/s), 17 Backtracks, 0 Backjumps, 5 Fails, 0 Restarts <1b>[0mModel[Model-11], 9 Solutions, Resolution time 0,165s, 32 Nodes (194,1 n/s), 21 Backtracks, 0 Backjumps, 5 Fails, 0 Restarts <1b>[0mModel[Model-11], 10 Solutions, Resolution time 0,168s, 33 Nodes (197,0 n/s), 22 Backtracks, 0 Backjumps, 5 Fails, 0 Restarts <1b>[0mModel[Model-11], 11 Solutions, Resolution time 0,177s, 35 Nodes (198,2 n/s), 24 Backtracks, 0 Backjumps, 5 Fails, 0 Restarts <1b>[0mHeight = 117 Width = 170 Current landscape state loaded Habitat cells = 2682 Non habitat cells = 2094 Accessible non habitat cells = 458 Out cells = 15114 Model[Model-12], 1 Solutions, Resolution time 0,354s, 283 Nodes (799,3 n/s), 352 Backtracks, 0 Backjumps, 274 Fails, 0 Restarts <1b>[0mModel[Model-12], 2 Solutions, Resolution time 0,461s, 476 Nodes (1.032,0 n/s), 732 Backtracks, 0 Backjumps, 462 Fails, 0 Restarts <1b>[0mModel[Model-12], 3 Solutions, Resolution time 0,467s, 483 Nodes (1.034,0 n/s), 742 Backtracks, 0 Backjumps, 467 Fails, 0 Restarts <1b>[0mModel[Model-12], 4 Solutions, Resolution time 0,480s, 503 Nodes (1.048,1 n/s), 776 Backtracks, 0 Backjumps, 485 Fails, 0 Restarts <1b>[0mModel[Model-12], 5 Solutions, Resolution time 0,487s, 510 Nodes (1.046,1 n/s), 791 Backtracks, 0 Backjumps, 491 Fails, 0 Restarts <1b>[0mModel[Model-12], 6 Solutions, Resolution time 0,499s, 522 Nodes (1.046,2 n/s), 812 Backtracks, 0 Backjumps, 501 Fails, 0 Restarts <1b>[0mModel[Model-12], 7 Solutions, Resolution time 0,504s, 527 Nodes (1.044,6 n/s), 822 Backtracks, 0 Backjumps, 504 Fails, 0 Restarts <1b>[0mModel[Model-12], 8 Solutions, Resolution time 0,509s, 531 Nodes (1.044,1 n/s), 826 Backtracks, 0 Backjumps, 506 Fails, 0 Restarts <1b>[0mModel[Model-12], 9 Solutions, Resolution time 0,514s, 537 Nodes (1.045,1 n/s), 835 Backtracks, 0 Backjumps, 510 Fails, 0 Restarts <1b>[0mModel[Model-12], 10 Solutions, Resolution time 0,518s, 543 Nodes (1.047,5 n/s), 845 Backtracks, 0 Backjumps, 515 Fails, 0 Restarts <1b>[0mModel[Model-12], 11 Solutions, Resolution time 0,528s, 563 Nodes (1.065,4 n/s), 888 Backtracks, 0 Backjumps, 532 Fails, 0 Restarts <1b>[0mHeight = 117 Width = 170 Current landscape state loaded Habitat cells = 2682 Non habitat cells = 2094 Accessible non habitat cells = 458 Out cells = 15114 Model[Model-13], 1 Solutions, Resolution time 0,173s, 283 Nodes (1.639,9 n/s), 352 Backtracks, 0 Backjumps, 274 Fails, 0 Restarts <1b>[0mModel[Model-13], 2 Solutions, Resolution time 0,248s, 476 Nodes (1.921,1 n/s), 732 Backtracks, 0 Backjumps, 462 Fails, 0 Restarts <1b>[0mModel[Model-13], 3 Solutions, Resolution time 0,251s, 483 Nodes (1.923,6 n/s), 742 Backtracks, 0 Backjumps, 467 Fails, 0 Restarts <1b>[0mModel[Model-13], 4 Solutions, Resolution time 0,260s, 503 Nodes (1.931,4 n/s), 776 Backtracks, 0 Backjumps, 485 Fails, 0 Restarts <1b>[0mModel[Model-13], 5 Solutions, Resolution time 0,264s, 510 Nodes (1.930,1 n/s), 791 Backtracks, 0 Backjumps, 491 Fails, 0 Restarts <1b>[0mModel[Model-13], 6 Solutions, Resolution time 0,270s, 522 Nodes (1.936,2 n/s), 812 Backtracks, 0 Backjumps, 501 Fails, 0 Restarts <1b>[0mModel[Model-13], 7 Solutions, Resolution time 0,272s, 527 Nodes (1.934,8 n/s), 822 Backtracks, 0 Backjumps, 504 Fails, 0 Restarts <1b>[0mModel[Model-13], 8 Solutions, Resolution time 0,275s, 531 Nodes (1.933,7 n/s), 826 Backtracks, 0 Backjumps, 506 Fails, 0 Restarts <1b>[0mModel[Model-13], 9 Solutions, Resolution time 0,278s, 537 Nodes (1.934,4 n/s), 835 Backtracks, 0 Backjumps, 510 Fails, 0 Restarts <1b>[0mModel[Model-13], 10 Solutions, Resolution time 0,280s, 543 Nodes (1.936,4 n/s), 845 Backtracks, 0 Backjumps, 515 Fails, 0 Restarts <1b>[0mModel[Model-13], 11 Solutions, Resolution time 0,291s, 563 Nodes (1.932,0 n/s), 888 Backtracks, 0 Backjumps, 532 Fails, 0 Restarts <1b>[0mHeight = 117 Width = 170 Current landscape state loaded Habitat cells = 2682 Non habitat cells = 2094 Accessible non habitat cells = 458 Out cells = 15114 Model[Model-14], 1 Solutions, Resolution time 0,178s, 283 Nodes (1.586,7 n/s), 352 Backtracks, 0 Backjumps, 274 Fails, 0 Restarts <1b>[0mModel[Model-14], 2 Solutions, Resolution time 0,278s, 476 Nodes (1.714,0 n/s), 732 Backtracks, 0 Backjumps, 462 Fails, 0 Restarts <1b>[0mModel[Model-14], 3 Solutions, Resolution time 0,284s, 483 Nodes (1.701,7 n/s), 742 Backtracks, 0 Backjumps, 467 Fails, 0 Restarts <1b>[0mModel[Model-14], 4 Solutions, Resolution time 0,301s, 503 Nodes (1.671,0 n/s), 776 Backtracks, 0 Backjumps, 485 Fails, 0 Restarts <1b>[0mModel[Model-14], 5 Solutions, Resolution time 0,308s, 510 Nodes (1.655,2 n/s), 791 Backtracks, 0 Backjumps, 491 Fails, 0 Restarts <1b>[0mModel[Model-14], 6 Solutions, Resolution time 0,319s, 522 Nodes (1.637,8 n/s), 812 Backtracks, 0 Backjumps, 501 Fails, 0 Restarts <1b>[0mModel[Model-14], 7 Solutions, Resolution time 0,324s, 527 Nodes (1.626,8 n/s), 822 Backtracks, 0 Backjumps, 504 Fails, 0 Restarts <1b>[0mModel[Model-14], 8 Solutions, Resolution time 0,328s, 531 Nodes (1.619,7 n/s), 826 Backtracks, 0 Backjumps, 506 Fails, 0 Restarts <1b>[0mModel[Model-14], 9 Solutions, Resolution time 0,332s, 537 Nodes (1.618,0 n/s), 835 Backtracks, 0 Backjumps, 510 Fails, 0 Restarts <1b>[0mModel[Model-14], 10 Solutions, Resolution time 0,336s, 543 Nodes (1.616,2 n/s), 845 Backtracks, 0 Backjumps, 515 Fails, 0 Restarts <1b>[0mModel[Model-14], 11 Solutions, Resolution time 0,346s, 563 Nodes (1.627,5 n/s), 888 Backtracks, 0 Backjumps, 532 Fails, 0 Restarts <1b>[0mHeight = 117 Width = 170 Current landscape state loaded Habitat cells = 2682 Non habitat cells = 2094 Accessible non habitat cells = 146 Out cells = 15114 Height = 117 Width = 170 Current landscape state loaded Habitat cells = 2682 Non habitat cells = 2094 Accessible non habitat cells = 146 Out cells = 15114 Model[Model-16], 1 Solutions, Resolution time 0,001s, 16 Nodes (11.042,1 n/s), 7 Backtracks, 0 Backjumps, 6 Fails, 0 Restarts <1b>[0mHeight = 117 Width = 170 Current landscape state loaded Habitat cells = 2682 Non habitat cells = 2094 Accessible non habitat cells = 146 Out cells = 15114 Height = 117 Width = 170 Current landscape state loaded Habitat cells = 2682 Non habitat cells = 2094 Accessible non habitat cells = 2094 Out cells = 15114 Height = 117 Width = 170 Current landscape state loaded Habitat cells = 2682 Non habitat cells = 2094 Accessible non habitat cells = 2094 Out cells = 15114 Height = 117 Width = 170 Current landscape state loaded Habitat cells = 2682 Non habitat cells = 2094 Accessible non habitat cells = 2094 Out cells = 15114 Height = 117 Width = 170 Current landscape state loaded Habitat cells = 2682 Non habitat cells = 2094 Accessible non habitat cells = 2094 Out cells = 15114 Height = 117 Width = 170 Current landscape state loaded Habitat cells = 847 Non habitat cells = 3929 Accessible non habitat cells = 3929 Out cells = 15114 Height = 117 Width = 170 Current landscape state loaded Habitat cells = 2682 Non habitat cells = 2094 Accessible non habitat cells = 2094 Out cells = 15114 MESH initial = 642.2554438860972 Model[Model-23], 1 Solutions, MAXIMIZE MESH = 6433495, Resolution time 0,003s, Time to best solution 0,003s, 26 Nodes (7.845,3 n/s), 0 Backtracks, 0 Backjumps, 0 Fails, 0 Restarts <1b>[0mModel[Model-23], 2 Solutions, MAXIMIZE MESH = 6441776, Resolution time 0,005s, Time to best solution 0,005s, 53 Nodes (11.437,9 n/s), 37 Backtracks, 0 Backjumps, 18 Fails, 0 Restarts <1b>[0mModel[Model-23], 3 Solutions, MAXIMIZE MESH = 6444037, Resolution time 0,007s, Time to best solution 0,007s, 85 Nodes (11.505,5 n/s), 91 Backtracks, 0 Backjumps, 44 Fails, 0 Restarts <1b>[0mModel[Model-23], 4 Solutions, MAXIMIZE MESH = 6474500, Resolution time 0,013s, Time to best solution 0,013s, 162 Nodes (12.629,6 n/s), 233 Backtracks, 0 Backjumps, 114 Fails, 0 Restarts <1b>[0mModel[Model-23], 5 Solutions, MAXIMIZE MESH = 6475289, Resolution time 0,014s, Time to best solution 0,014s, 183 Nodes (13.085,1 n/s), 280 Backtracks, 0 Backjumps, 137 Fails, 0 Restarts <1b>[0mModel[Model-23], 6 Solutions, MAXIMIZE MESH = 6583769, Resolution time 0,033s, Time to best solution 0,033s, 369 Nodes (11.167,9 n/s), 640 Backtracks, 0 Backjumps, 316 Fails, 0 Restarts <1b>[0mModel[Model-23], 7 Solutions, MAXIMIZE MESH = 6773080, Resolution time 0,037s, Time to best solution 0,036s, 427 Nodes (11.672,0 n/s), 734 Backtracks, 0 Backjumps, 363 Fails, 0 Restarts <1b>[0mModel[Model-23], 8 Solutions, MAXIMIZE MESH = 6775343, Resolution time 0,068s, Time to best solution 0,068s, 679 Nodes (9.996,6 n/s), 1311 Backtracks, 0 Backjumps, 655 Fails, 0 Restarts <1b>[0mModel[Model-23], 9 Solutions, MAXIMIZE MESH = 6789012, Resolution time 0,069s, Time to best solution 0,069s, 730 Nodes (10.569,2 n/s), 1312 Backtracks, 0 Backjumps, 655 Fails, 0 Restarts <1b>[0mModel[Model-23], 10 Solutions, MAXIMIZE MESH = 6795894, Resolution time 0,072s, Time to best solution 0,072s, 785 Nodes (10.927,7 n/s), 1418 Backtracks, 0 Backjumps, 707 Fails, 0 Restarts <1b>[0mModel[Model-23], 11 Solutions, MAXIMIZE MESH = 6795896, Resolution time 0,072s, Time to best solution 0,072s, 786 Nodes (10.852,3 n/s), 1499 Backtracks, 0 Backjumps, 747 Fails, 0 Restarts <1b>[0mModel[Model-23], 12 Solutions, MAXIMIZE MESH = 6798199, Resolution time 0,073s, Time to best solution 0,073s, 788 Nodes (10.792,9 n/s), 1507 Backtracks, 0 Backjumps, 750 Fails, 0 Restarts <1b>[0mModel[Model-23], 13 Solutions, MAXIMIZE MESH = 6841141, Resolution time 0,985s, Time to best solution 0,985s, 13140 Nodes (13.334,5 n/s), 26158 Backtracks, 0 Backjumps, 13082 Fails, 0 Restarts <1b>[0mModel[Model-23], 14 Solutions, MAXIMIZE MESH = 6870605, Resolution time 0,988s, Time to best solution 0,987s, 13181 Nodes (13.345,9 n/s), 26225 Backtracks, 0 Backjumps, 13117 Fails, 0 Restarts <1b>[0mModel[Model-23], 15 Solutions, MAXIMIZE MESH = 6877982, Resolution time 0,989s, Time to best solution 0,989s, 13219 Nodes (13.361,7 n/s), 26300 Backtracks, 0 Backjumps, 13152 Fails, 0 Restarts <1b>[0mModel[Model-23], 16 Solutions, MAXIMIZE MESH = 7026336, Resolution time 0,993s, Time to best solution 0,993s, 13272 Nodes (13.364,4 n/s), 26374 Backtracks, 0 Backjumps, 13189 Fails, 0 Restarts <1b>[0mModel[Model-23], 16 Solutions, MAXIMIZE MESH = 7026336, Resolution time 1,000s, Time to best solution 0,993s, 13286 Nodes (13.281,5 n/s), 26483 Backtracks, 0 Backjumps, 13243 Fails, 0 Restarts <1b>[0mHeight = 117 Width = 170 Current landscape state loaded Habitat cells = 2682 Non habitat cells = 2094 Accessible non habitat cells = 604 Out cells = 15114 MESH initial = 642.2554438860972 Model[Model-24], 1 Solutions, MAXIMIZE MESH = 64805, Resolution time 0,003s, Time to best solution 0,003s, 17 Nodes (5.604,5 n/s), 6 Backtracks, 0 Backjumps, 5 Fails, 0 Restarts <1b>[0mModel[Model-24], 2 Solutions, MAXIMIZE MESH = 66234, Resolution time 0,004s, Time to best solution 0,004s, 21 Nodes (5.741,0 n/s), 15 Backtracks, 0 Backjumps, 9 Fails, 0 Restarts <1b>[0mModel[Model-24], 3 Solutions, MAXIMIZE MESH = 66377, Resolution time 0,098s, Time to best solution 0,098s, 460 Nodes (4.677,2 n/s), 538 Backtracks, 0 Backjumps, 444 Fails, 0 Restarts <1b>[0mModel[Model-24], 4 Solutions, MAXIMIZE MESH = 66522, Resolution time 0,099s, Time to best solution 0,099s, 466 Nodes (4.686,7 n/s), 547 Backtracks, 0 Backjumps, 449 Fails, 0 Restarts <1b>[0mModel[Model-24], 4 Solutions, MAXIMIZE MESH = 66522, Resolution time 0,140s, Time to best solution 0,099s, 858 Nodes (6.124,0 n/s), 1709 Backtracks, 0 Backjumps, 851 Fails, 0 Restarts <1b>[0mHeight = 117 Width = 170 Current landscape state loaded Habitat cells = 2682 Non habitat cells = 2094 Accessible non habitat cells = 604 Out cells = 15114 Model[Model-25], 1 Solutions, Resolution time 0,001s, 6 Nodes (7.585,3 n/s), 0 Backtracks, 0 Backjumps, 0 Fails, 0 Restarts <1b>[0mModel[Model-25], 2 Solutions, Resolution time 0,001s, 7 Nodes (5.902,7 n/s), 1 Backtracks, 0 Backjumps, 0 Fails, 0 Restarts <1b>[0mModel[Model-25], 3 Solutions, Resolution time 0,001s, 8 Nodes (5.433,7 n/s), 3 Backtracks, 0 Backjumps, 0 Fails, 0 Restarts <1b>[0mHeight = 117 Width = 170 Current landscape state loaded Habitat cells = 2682 Non habitat cells = 2094 Accessible non habitat cells = 604 Out cells = 15114 Model[Model-26], 1 Solutions, Resolution time 0,001s, 6 Nodes (7.884,4 n/s), 0 Backtracks, 0 Backjumps, 0 Fails, 0 Restarts <1b>[0mHeight = 117 Width = 170 Current landscape state loaded Habitat cells = 2682 Non habitat cells = 2094 Accessible non habitat cells = 146 Out cells = 15114 IIC initial = 0.20373477041721344 Model[Model-27], 1 Solutions, MAXIMIZE IIC = 2071, Resolution time 0,009s, Time to best solution 0,009s, 17 Nodes (1.803,2 n/s), 6 Backtracks, 0 Backjumps, 5 Fails, 0 Restarts <1b>[0mModel[Model-27], 2 Solutions, MAXIMIZE IIC = 2113, Resolution time 0,011s, Time to best solution 0,011s, 21 Nodes (1.840,9 n/s), 15 Backtracks, 0 Backjumps, 9 Fails, 0 Restarts <1b>[0mModel[Model-27], 2 Solutions, MAXIMIZE IIC = 2113, Resolution time 0,056s, Time to best solution 0,011s, 151 Nodes (2.691,6 n/s), 299 Backtracks, 0 Backjumps, 148 Fails, 0 Restarts <1b>[0mHeight = 117 Width = 170 Current landscape state loaded Habitat cells = 2682 Non habitat cells = 2094 Accessible non habitat cells = 146 Out cells = 15114 IIC initial = 0.1864735335111618 Model[Model-28], 1 Solutions, MAXIMIZE IIC = 1899, Resolution time 0,006s, Time to best solution 0,006s, 17 Nodes (2.904,1 n/s), 6 Backtracks, 0 Backjumps, 5 Fails, 0 Restarts <1b>[0mModel[Model-28], 2 Solutions, MAXIMIZE IIC = 1941, Resolution time 0,007s, Time to best solution 0,007s, 21 Nodes (2.857,7 n/s), 15 Backtracks, 0 Backjumps, 9 Fails, 0 Restarts <1b>[0mModel[Model-28], 2 Solutions, MAXIMIZE IIC = 1941, Resolution time 0,049s, Time to best solution 0,007s, 148 Nodes (3.038,7 n/s), 293 Backtracks, 0 Backjumps, 145 Fails, 0 Restarts <1b>[0mHeight = 117 Width = 170 Current landscape state loaded Habitat cells = 2682 Non habitat cells = 2094 Accessible non habitat cells = 146 Out cells = 15114 MESH initial = 642.2554438860972 Model[Model-29], 1 Solutions, MAXIMIZE MESH = 6480454, Resolution time 0,002s, Time to best solution 0,002s, 17 Nodes (9.382,4 n/s), 6 Backtracks, 0 Backjumps, 5 Fails, 0 Restarts <1b>[0mModel[Model-29], 2 Solutions, MAXIMIZE MESH = 6623356, Resolution time 0,002s, Time to best solution 0,002s, 21 Nodes (8.502,7 n/s), 15 Backtracks, 0 Backjumps, 9 Fails, 0 Restarts <1b>[0mModel[Model-29], 2 Solutions, MAXIMIZE MESH = 6623356, Resolution time 0,023s, Time to best solution 0,002s, 155 Nodes (6.872,9 n/s), 307 Backtracks, 0 Backjumps, 152 Fails, 0 Restarts <1b>[0mHeight = 117 Width = 170 Current landscape state loaded Habitat cells = 2682 Non habitat cells = 2094 Accessible non habitat cells = 146 Out cells = 15114 Height = 117 Width = 170 Current landscape state loaded Habitat cells = 2682 Non habitat cells = 2094 Accessible non habitat cells = 146 Out cells = 15114 Height = 117 Width = 170 Current landscape state loaded Habitat cells = 2682 Non habitat cells = 2094 Accessible non habitat cells = 146 Out cells = 15114 Height = 117 Width = 170 Current landscape state loaded Habitat cells = 2682 Non habitat cells = 2094 Accessible non habitat cells = 146 Out cells = 15114 Height = 117 Width = 170 Current landscape state loaded Habitat cells = 2682 Non habitat cells = 2094 Accessible non habitat cells = 2094 Out cells = 15114 Height = 117 Width = 170 Current landscape state loaded Habitat cells = 2682 Non habitat cells = 2094 Accessible non habitat cells = 2094 Out cells = 15114 Height = 117 Width = 170 Current landscape state loaded Habitat cells = 2682 Non habitat cells = 2094 Accessible non habitat cells = 2094 Out cells = 15114 Height = 117 Width = 170 Current landscape state loaded Habitat cells = 2682 Non habitat cells = 2094 Accessible non habitat cells = 2094 Out cells = 15114 Height = 117 Width = 170 Current landscape state loaded Habitat cells = 2682 Non habitat cells = 2094 Accessible non habitat cells = 2094 Out cells = 15114 Height = 104 Width = 151 Current landscape state loaded Habitat cells = 2128 Non habitat cells = 1716 Accessible non habitat cells = 1716 Out cells = 11860 Height = 117 Width = 170 Current landscape state loaded Habitat cells = 2682 Non habitat cells = 2094 Accessible non habitat cells = 2094 Out cells = 15114 Height = 117 Width = 170 Current landscape state loaded Habitat cells = 2682 Non habitat cells = 2094 Accessible non habitat cells = 2094 Out cells = 15114 Height = 117 Width = 170 Current landscape state loaded Habitat cells = 2682 Non habitat cells = 2094 Accessible non habitat cells = 2094 Out cells = 15114 Height = 117 Width = 170 Current landscape state loaded Habitat cells = 2682 Non habitat cells = 2094 Accessible non habitat cells = 2094 Out cells = 15114 [ FAIL 1 | WARN 0 | SKIP 0 | PASS 914 ] ══ Failed tests ════════════════════════════════════════════════════════════════ ── Error ('test_solve.R:117:3'): number of solutions found is less than desired ── Error in `solve.RestoptProblem(problem)`: The research was stopped before a solution was found, consider increasing the time limit Backtrace: ▆ 1. ├─base::solve(problem) at test_solve.R:117:3 2. └─restoptr:::solve.RestoptProblem(problem) [ FAIL 1 | WARN 0 | SKIP 0 | PASS 914 ] Error: Test failures Execution halted Flavor: r-oldrel-windows-x86_64