CRAN Package Check Results for Package retroharmonize

Last updated on 2024-02-23 18:55:10 CET.

Flavor Version Tinstall Tcheck Ttotal Status Flags
r-devel-linux-x86_64-debian-clang 0.2.0 NOTE
r-devel-linux-x86_64-debian-gcc 0.2.0 7.34 110.77 118.11 NOTE
r-devel-linux-x86_64-fedora-clang 0.2.0 187.81 NOTE
r-devel-linux-x86_64-fedora-gcc 0.2.0 189.67 OK
r-devel-windows-x86_64 0.2.0 9.00 129.00 138.00 NOTE
r-patched-linux-x86_64 0.2.0 7.38 143.80 151.18 OK
r-release-linux-x86_64 0.2.0 6.39 143.62 150.01 OK
r-release-macos-arm64 0.2.0 72.00 NOTE
r-release-macos-x86_64 0.2.0 121.00 NOTE
r-release-windows-x86_64 0.2.0 11.00 158.00 169.00 NOTE
r-oldrel-macos-arm64 0.2.0 52.00 NOTE
r-oldrel-windows-x86_64 0.2.0 12.00 162.00 174.00 NOTE

Check Details

Version: 0.2.0
Check: Rd files
Result: NOTE checkRd: (-1) harmonize_values.Rd:44: Lost braces; missing escapes or markup? 44 | \item{perl}{Use perl-like regex? Defaults to {FALSE}.} | ^ Flavors: r-devel-linux-x86_64-debian-clang, r-devel-linux-x86_64-debian-gcc

Version: 0.2.0
Check: installed package size
Result: NOTE installed size is 5.7Mb sub-directories of 1Mb or more: doc 1.1Mb examples 1.9Mb Flavors: r-devel-linux-x86_64-fedora-clang, r-devel-windows-x86_64, r-release-macos-arm64, r-release-macos-x86_64, r-release-windows-x86_64, r-oldrel-macos-arm64, r-oldrel-windows-x86_64