CRAN Package Check Results for Package rfishdraw

Last updated on 2025-01-14 18:49:30 CET.

Flavor Version Tinstall Tcheck Ttotal Status Flags
r-devel-linux-x86_64-debian-clang 0.1.0 4.77 54.02 58.79 NOTE
r-devel-linux-x86_64-debian-gcc 0.1.0 3.31 38.25 41.56 NOTE
r-devel-linux-x86_64-fedora-clang 0.1.0 95.95 OK
r-devel-linux-x86_64-fedora-gcc 0.1.0 104.46 OK
r-devel-windows-x86_64 0.1.0 7.00 72.00 79.00 NOTE
r-patched-linux-x86_64 0.1.0 9.15 50.11 59.26 OK
r-release-linux-x86_64 0.1.0 4.28 50.86 55.14 OK
r-release-macos-arm64 0.1.0 34.00 OK
r-release-macos-x86_64 0.1.0 54.00 OK
r-release-windows-x86_64 0.1.0 6.00 71.00 77.00 OK
r-oldrel-macos-arm64 0.1.0 32.00 OK
r-oldrel-macos-x86_64 0.1.0 50.00 OK
r-oldrel-windows-x86_64 0.1.0 6.00 78.00 84.00 OK

Check Details

Version: 0.1.0
Check: Rd cross-references
Result: NOTE Found the following Rd file(s) with Rd \link{} targets missing package anchors: fish_draw.Rd: aes, geom_path Please provide package anchors for all Rd \link{} targets not in the package itself and the base packages. Flavors: r-devel-linux-x86_64-debian-clang, r-devel-linux-x86_64-debian-gcc, r-devel-windows-x86_64