CRAN Package Check Results for Package ricu

Last updated on 2024-02-23 18:55:10 CET.

Flavor Version Tinstall Tcheck Ttotal Status Flags
r-devel-linux-x86_64-debian-clang 0.5.6 NOTE
r-devel-linux-x86_64-debian-gcc 0.5.6 12.54 137.70 150.24 NOTE
r-devel-linux-x86_64-fedora-clang 0.5.6 257.90 NOTE
r-devel-linux-x86_64-fedora-gcc 0.5.6 245.41 NOTE
r-devel-windows-x86_64 0.5.6 17.00 167.00 184.00 NOTE
r-patched-linux-x86_64 0.5.6 21.20 174.99 196.19 NOTE
r-release-linux-x86_64 0.5.6 10.66 176.06 186.72 NOTE
r-release-macos-arm64 0.5.6 85.00 NOTE
r-release-macos-x86_64 0.5.6 175.00 NOTE
r-release-windows-x86_64 0.5.6 24.00 190.00 214.00 NOTE
r-oldrel-macos-arm64 0.5.6 77.00 NOTE
r-oldrel-windows-x86_64 0.5.6 21.00 198.00 219.00 NOTE

Check Details

Version: 0.5.6
Check: package dependencies
Result: NOTE Packages suggested but not available for checking: 'mimic.demo', 'eicu.demo' Flavors: r-devel-linux-x86_64-debian-clang, r-devel-linux-x86_64-debian-gcc, r-devel-linux-x86_64-fedora-clang, r-devel-linux-x86_64-fedora-gcc, r-devel-windows-x86_64, r-patched-linux-x86_64, r-release-linux-x86_64, r-release-macos-arm64, r-release-macos-x86_64, r-release-windows-x86_64, r-oldrel-macos-arm64, r-oldrel-windows-x86_64