Last updated on 2023-12-10 18:52:22 CET.
Flavor | Version | Tinstall | Tcheck | Ttotal | Status | Flags |
---|---|---|---|---|---|---|
r-devel-linux-x86_64-debian-clang | 0.2.2 | 94.32 | 54.70 | 149.02 | NOTE | |
r-devel-linux-x86_64-debian-gcc | 0.2.2 | 65.04 | 45.38 | 110.42 | NOTE | |
r-devel-linux-x86_64-fedora-clang | 0.2.2 | 208.08 | OK | |||
r-devel-linux-x86_64-fedora-gcc | 0.2.2 | 229.62 | OK | |||
r-devel-windows-x86_64 | 0.2.2 | 71.00 | 83.00 | 154.00 | OK | |
r-patched-linux-x86_64 | 0.2.2 | 64.35 | 59.26 | 123.61 | OK | |
r-release-linux-x86_64 | 0.2.2 | 63.72 | 60.90 | 124.62 | OK | |
r-release-macos-arm64 | 0.2.2 | 65.00 | NOTE | |||
r-release-macos-x86_64 | 0.2.2 | 94.00 | NOTE | |||
r-release-windows-x86_64 | 0.2.2 | 91.00 | 94.00 | 185.00 | OK | |
r-oldrel-macos-arm64 | 0.2.2 | 54.00 | NOTE | |||
r-oldrel-macos-x86_64 | 0.2.2 | 94.00 | NOTE | |||
r-oldrel-windows-x86_64 | 0.2.2 | 87.00 | 97.00 | 184.00 | OK |
Version: 0.2.2
Check: Rd files
Result: NOTE
checkRd: (-1) riskParityPortfolio.Rd:163: Lost braces in \itemize; meant \describe ?
checkRd: (-1) riskParityPortfolio.Rd:164: Lost braces in \itemize; meant \describe ?
checkRd: (-1) riskParityPortfolio.Rd:165: Lost braces in \itemize; meant \describe ?
checkRd: (-1) riskParityPortfolio.Rd:166: Lost braces in \itemize; meant \describe ?
checkRd: (-1) riskParityPortfolio.Rd:167: Lost braces in \itemize; meant \describe ?
checkRd: (-1) riskParityPortfolio.Rd:168: Lost braces in \itemize; meant \describe ?
checkRd: (-1) riskParityPortfolio.Rd:169: Lost braces in \itemize; meant \describe ?
checkRd: (-1) riskParityPortfolio.Rd:170: Lost braces in \itemize; meant \describe ?
Flavors: r-devel-linux-x86_64-debian-clang, r-devel-linux-x86_64-debian-gcc
Version: 0.2.2
Check: installed package size
Result: NOTE
installed size is 23.9Mb
sub-directories of 1Mb or more:
doc 1.4Mb
libs 22.4Mb
Flavors: r-release-macos-arm64, r-release-macos-x86_64, r-oldrel-macos-arm64, r-oldrel-macos-x86_64
Version: 0.2.2
Check: package dependencies
Result: NOTE
Package suggested but not available for checking: ‘portfolioBacktest’
Flavor: r-release-macos-x86_64