CRAN Package Check Results for Package riskRegression

Last updated on 2023-11-29 18:48:59 CET.

Flavor Version Tinstall Tcheck Ttotal Status Flags
r-devel-linux-x86_64-debian-clang 2023.09.08 314.28 389.45 703.73 NOTE
r-devel-linux-x86_64-debian-gcc 2023.09.08 208.23 277.57 485.80 NOTE
r-devel-linux-x86_64-fedora-clang 2023.09.08 1008.87 OK
r-devel-linux-x86_64-fedora-gcc 2023.09.08 1005.53 OK
r-devel-windows-x86_64 2023.09.08 227.00 317.00 544.00 OK
r-patched-linux-x86_64 2023.09.08 240.54 350.77 591.31 OK
r-release-linux-x86_64 2023.09.08 208.19 354.40 562.59 OK
r-release-macos-arm64 2023.09.08 272.00 NOTE
r-release-macos-x86_64 2023.09.08 337.00 NOTE
r-release-windows-x86_64 2023.09.08 303.00 395.00 698.00 OK
r-oldrel-macos-arm64 2023.09.08 219.00 NOTE
r-oldrel-macos-x86_64 2023.09.08 299.00 NOTE
r-oldrel-windows-x86_64 2023.09.08 289.00 364.00 653.00 OK

Check Details

Version: 2023.09.08
Check: Rd files
Result: NOTE checkRd: (-1) iidCox.Rd:91: Lost braces in \itemize; \value handles \item{}{} directly checkRd: (-1) iidCox.Rd:92: Lost braces in \itemize; \value handles \item{}{} directly checkRd: (-1) iidCox.Rd:93: Lost braces in \itemize; \value handles \item{}{} directly checkRd: (-1) iidCox.Rd:94: Lost braces in \itemize; \value handles \item{}{} directly checkRd: (-1) iidCox.Rd:95: Lost braces in \itemize; \value handles \item{}{} directly checkRd: (-1) iidCox.Rd:96: Lost braces in \itemize; \value handles \item{}{} directly checkRd: (-1) iidCox.Rd:97: Lost braces in \itemize; \value handles \item{}{} directly checkRd: (-1) iidCox.Rd:98: Lost braces in \itemize; \value handles \item{}{} directly checkRd: (-1) plotCalibration.Rd:53-56: Lost braces in \itemize; meant \describe ? checkRd: (-1) plotCalibration.Rd:57-61: Lost braces 57 | \item{\code{"nne"}}: {The observed proportion at predicted risk value 'p' is obtained based | ^ checkRd: (-1) plotCalibration.Rd:65-67: Lost braces in \itemize; meant \describe ? checkRd: (-1) plotCalibration.Rd:68-71: Lost braces in \itemize; meant \describe ? Flavors: r-devel-linux-x86_64-debian-clang, r-devel-linux-x86_64-debian-gcc

Version: 2023.09.08
Check: installed package size
Result: NOTE installed size is 10.2Mb sub-directories of 1Mb or more: R 1.0Mb libs 8.7Mb Flavors: r-release-macos-arm64, r-release-macos-x86_64, r-oldrel-macos-arm64, r-oldrel-macos-x86_64