Last updated on 2023-12-02 18:53:54 CET.
Flavor | Version | Tinstall | Tcheck | Ttotal | Status | Flags |
---|---|---|---|---|---|---|
r-devel-linux-x86_64-debian-clang | 1.0-0 | 441.72 | 233.05 | 674.77 | NOTE | |
r-devel-linux-x86_64-debian-gcc | 1.0-0 | 378.83 | 193.95 | 572.78 | NOTE | |
r-devel-linux-x86_64-fedora-clang | 1.0-0 | 840.90 | NOTE | |||
r-devel-linux-x86_64-fedora-gcc | 1.0-0 | 1006.34 | NOTE | |||
r-devel-windows-x86_64 | 1.0-0 | 323.00 | 220.00 | 543.00 | NOTE | |
r-patched-linux-x86_64 | 1.0-0 | 352.58 | 252.53 | 605.11 | NOTE | |
r-release-linux-x86_64 | 1.0-0 | 363.43 | 251.13 | 614.56 | NOTE | |
r-release-macos-arm64 | 1.0-0 | 268.00 | NOTE | |||
r-release-macos-x86_64 | 1.0-0 | 517.00 | NOTE | |||
r-release-windows-x86_64 | 1.0-0 | 443.00 | 263.00 | 706.00 | NOTE | |
r-oldrel-macos-arm64 | 1.0-0 | 314.00 | NOTE | |||
r-oldrel-macos-x86_64 | 1.0-0 | 374.00 | NOTE | |||
r-oldrel-windows-x86_64 | 1.0-0 | 426.00 | 248.00 | 674.00 | NOTE |
Version: 1.0-0
Check: package dependencies
Result: NOTE
Package suggested but not available for checking: ‘cmdstanr’
Flavors: r-devel-linux-x86_64-debian-clang, r-devel-linux-x86_64-debian-gcc, r-devel-linux-x86_64-fedora-clang, r-devel-linux-x86_64-fedora-gcc, r-devel-windows-x86_64, r-patched-linux-x86_64, r-release-linux-x86_64, r-release-macos-arm64, r-release-macos-x86_64, r-release-windows-x86_64, r-oldrel-macos-arm64, r-oldrel-macos-x86_64, r-oldrel-windows-x86_64
Version: 1.0-0
Check: Rd cross-references
Result: NOTE
Package unavailable to check Rd xrefs: ‘cmdstanr’
Flavors: r-devel-linux-x86_64-debian-clang, r-devel-linux-x86_64-debian-gcc, r-devel-linux-x86_64-fedora-gcc, r-devel-windows-x86_64, r-patched-linux-x86_64, r-release-linux-x86_64, r-release-macos-arm64, r-release-macos-x86_64, r-release-windows-x86_64, r-oldrel-macos-arm64, r-oldrel-macos-x86_64, r-oldrel-windows-x86_64
Version: 1.0-0
Check: for GNU extensions in Makefiles
Result: NOTE
GNU make is a SystemRequirements.
Flavors: r-devel-linux-x86_64-debian-clang, r-devel-linux-x86_64-debian-gcc, r-devel-linux-x86_64-fedora-clang, r-devel-linux-x86_64-fedora-gcc, r-devel-windows-x86_64, r-patched-linux-x86_64, r-release-linux-x86_64, r-release-macos-arm64, r-release-macos-x86_64, r-release-windows-x86_64, r-oldrel-macos-arm64, r-oldrel-macos-x86_64, r-oldrel-windows-x86_64
Version: 1.0-0
Check: Rd cross-references
Result: NOTE
Undeclared package ‘coda’ in Rd xrefs
Package unavailable to check Rd xrefs: ‘cmdstanr’
Flavor: r-devel-linux-x86_64-fedora-clang
Version: 1.0-0
Check: installed package size
Result: NOTE
installed size is 61.8Mb
sub-directories of 1Mb or more:
libs 61.2Mb
Flavors: r-release-macos-arm64, r-release-macos-x86_64, r-oldrel-macos-arm64, r-oldrel-macos-x86_64