CRAN Package Check Results for Package robis

Last updated on 2023-12-04 18:52:28 CET.

Flavor Version Tinstall Tcheck Ttotal Status Flags
r-devel-linux-x86_64-debian-clang 2.11.3 10.21 95.40 105.61 OK
r-devel-linux-x86_64-debian-gcc 2.11.3 7.08 69.33 76.41 OK
r-devel-linux-x86_64-fedora-clang 2.11.3 123.83 NOTE
r-devel-linux-x86_64-fedora-gcc 2.11.3 132.06 NOTE
r-devel-windows-x86_64 2.11.3 10.00 92.00 102.00 OK
r-patched-linux-x86_64 2.11.3 6.44 86.81 93.25 OK
r-release-linux-x86_64 2.11.3 7.87 88.17 96.04 OK
r-release-macos-arm64 2.11.3 59.00 OK
r-release-macos-x86_64 2.11.3 81.00 OK
r-release-windows-x86_64 2.11.3 12.00 106.00 118.00 OK
r-oldrel-macos-arm64 2.11.3 53.00 NOTE
r-oldrel-macos-x86_64 2.11.3 65.00 NOTE
r-oldrel-windows-x86_64 2.11.3 13.00 117.00 130.00 OK

Check Details

Version: 2.11.3
Check: dependencies in R code
Result: NOTE Namespace in Imports field not imported from: ‘memoise’ All declared Imports should be used. Flavors: r-devel-linux-x86_64-fedora-clang, r-devel-linux-x86_64-fedora-gcc, r-oldrel-macos-arm64, r-oldrel-macos-x86_64