Last updated on 2023-11-30 18:49:43 CET.
Flavor | Version | Tinstall | Tcheck | Ttotal | Status | Flags |
---|---|---|---|---|---|---|
r-devel-linux-x86_64-debian-clang | 2019.9-10 | 7.42 | 44.92 | 52.34 | NOTE | |
r-devel-linux-x86_64-debian-gcc | 2019.9-10 | 6.37 | 33.42 | 39.79 | NOTE | |
r-devel-linux-x86_64-fedora-clang | 2019.9-10 | 68.39 | NOTE | |||
r-devel-linux-x86_64-fedora-gcc | 2019.9-10 | 63.22 | NOTE | |||
r-devel-windows-x86_64 | 2019.9-10 | 10.00 | 63.00 | 73.00 | NOTE | |
r-patched-linux-x86_64 | 2019.9-10 | 8.14 | 44.06 | 52.20 | OK | |
r-release-linux-x86_64 | 2019.9-10 | 8.32 | 43.30 | 51.62 | OK | |
r-release-macos-arm64 | 2019.9-10 | 25.00 | OK | |||
r-release-macos-x86_64 | 2019.9-10 | 33.00 | OK | |||
r-release-windows-x86_64 | 2019.9-10 | 10.00 | 61.00 | 71.00 | OK | |
r-oldrel-macos-arm64 | 2019.9-10 | 23.00 | OK | |||
r-oldrel-macos-x86_64 | 2019.9-10 | 34.00 | OK | |||
r-oldrel-windows-x86_64 | 2019.9-10 | 14.00 | 63.00 | 77.00 | OK |
Version: 2019.9-10
Check: Rd contents
Result: NOTE
Argument items with no description in Rd file 'choose.test.Rd':
‘Xpaired’ ‘Ypaired’ ‘Xextra’ ‘Yextra’ ‘mc.rep’
Argument items with no description in Rd file 'multinom.test.Rd':
‘X’ ‘Y’ ‘alternative’ ‘correct’ ‘perm’ ‘mc.rep’ ‘method’ ‘verbose’
‘mode’ ‘useC’
Argument items with no description in Rd file 'mw.mw.2.perm.Rd':
‘X’ ‘Y’ ‘Xprime’ ‘Yprime’ ‘.corr’ ‘mc.rep’ ‘alternative’ ‘verbose’
Argument items with no description in Rd file 'pm.wilcox.test.Rd':
‘Xpaired’ ‘Ypaired’ ‘Xextra’ ‘Yextra’ ‘alternative’ ‘verbose’
Argument items with no description in Rd file 'sim.partially.matched.Rd':
‘meanRatio’ ‘sdRatio’ ‘within.sd’ ‘type’ ‘hyp’
Argument items with no description in Rd file 'wmw.paired.replicates.test.Rd':
‘X’ ‘Y’ ‘alternative’ ‘correct’ ‘perm’ ‘mc.rep’ ‘method’ ‘verbose’
‘mode’ ‘useC’
Flavors: r-devel-linux-x86_64-debian-clang, r-devel-linux-x86_64-debian-gcc, r-devel-linux-x86_64-fedora-clang, r-devel-linux-x86_64-fedora-gcc, r-devel-windows-x86_64