Last updated on 2023-12-06 18:52:57 CET.
Flavor | Version | Tinstall | Tcheck | Ttotal | Status | Flags |
---|---|---|---|---|---|---|
r-devel-linux-x86_64-debian-clang | 0.7.7 | 6.25 | 125.62 | 131.87 | NOTE | |
r-devel-linux-x86_64-debian-gcc | 0.7.7 | 4.92 | 80.78 | 85.70 | NOTE | |
r-devel-linux-x86_64-fedora-clang | 0.7.7 | 169.62 | OK | |||
r-devel-linux-x86_64-fedora-gcc | 0.7.7 | 163.97 | OK | |||
r-devel-windows-x86_64 | 0.7.7 | 6.00 | 188.00 | 194.00 | OK | |
r-patched-linux-x86_64 | 0.7.7 | 5.55 | 112.19 | 117.74 | OK | |
r-release-linux-x86_64 | 0.7.7 | 6.41 | 111.60 | 118.01 | OK | |
r-release-macos-arm64 | 0.7.7 | 58.00 | OK | |||
r-release-macos-x86_64 | 0.7.7 | 79.00 | OK | |||
r-release-windows-x86_64 | 0.7.7 | 6.00 | 140.00 | 146.00 | OK | |
r-oldrel-macos-arm64 | 0.7.7 | 57.00 | OK | |||
r-oldrel-macos-x86_64 | 0.7.7 | 60.00 | OK | |||
r-oldrel-windows-x86_64 | 0.7.7 | 9.00 | 132.00 | 141.00 | OK |
Version: 0.7.7
Check: Rd files
Result: NOTE
checkRd: (-1) funs.Rd:10: Lost braces in \itemize; meant \describe ?
checkRd: (-1) funs.Rd:11: Lost braces in \itemize; meant \describe ?
checkRd: (-1) funs.Rd:12: Lost braces in \itemize; meant \describe ?
checkRd: (-1) pars.Rd:10: Lost braces in \itemize; meant \describe ?
checkRd: (-1) pars.Rd:11: Lost braces in \itemize; meant \describe ?
checkRd: (-1) pars.Rd:12: Lost braces in \itemize; meant \describe ?
checkRd: (-1) pros.Rd:10: Lost braces in \itemize; meant \describe ?
checkRd: (-1) pros.Rd:11: Lost braces in \itemize; meant \describe ?
checkRd: (-1) pros.Rd:12: Lost braces in \itemize; meant \describe ?
checkRd: (-1) pros.Rd:13: Lost braces in \itemize; meant \describe ?
checkRd: (-1) stoi.Rd:10: Lost braces in \itemize; meant \describe ?
checkRd: (-1) stoi.Rd:11: Lost braces in \itemize; meant \describe ?
checkRd: (-1) stoi.Rd:12: Lost braces in \itemize; meant \describe ?
checkRd: (-1) vars.Rd:10: Lost braces in \itemize; meant \describe ?
checkRd: (-1) vars.Rd:11: Lost braces in \itemize; meant \describe ?
checkRd: (-1) vars.Rd:12: Lost braces in \itemize; meant \describe ?
Flavors: r-devel-linux-x86_64-debian-clang, r-devel-linux-x86_64-debian-gcc