Last updated on 2023-11-30 18:49:43 CET.
Flavor | Version | Tinstall | Tcheck | Ttotal | Status | Flags |
---|---|---|---|---|---|---|
r-devel-linux-x86_64-debian-clang | 3.4.0 | 209.51 | 656.96 | 866.47 | NOTE | |
r-devel-linux-x86_64-debian-gcc | 3.4.0 | 158.32 | 484.79 | 643.11 | NOTE | |
r-devel-linux-x86_64-fedora-clang | 3.4.0 | 1102.85 | NOTE | |||
r-devel-linux-x86_64-fedora-gcc | 3.4.0 | 1084.24 | OK | |||
r-devel-windows-x86_64 | 3.4.0 | 152.00 | 493.00 | 645.00 | NOTE | |
r-patched-linux-x86_64 | 3.4.0 | 175.06 | 620.93 | 795.99 | OK | |
r-release-linux-x86_64 | 3.4.0 | 177.39 | 625.80 | 803.19 | OK | |
r-release-macos-arm64 | 3.4.0 | 230.00 | NOTE | |||
r-release-macos-x86_64 | 3.4.0 | 568.00 | NOTE | |||
r-release-windows-x86_64 | 3.4.0 | 205.00 | 641.00 | 846.00 | NOTE | |
r-oldrel-macos-arm64 | 3.4.0 | 233.00 | NOTE | |||
r-oldrel-macos-x86_64 | 3.4.0 | 327.00 | NOTE | |||
r-oldrel-windows-x86_64 | 3.4.0 | 197.00 | 556.00 | 753.00 | NOTE |
Version: 3.4.0
Check: Rd files
Result: NOTE
checkRd: (-1) getAvailablePlotTypes.Rd:30: Lost braces; missing escapes or markup?
30 | Returns a list if \code{option} is either \code{capnum} or {numcap}
| ^
checkRd: (-1) getRawData.Rd:39-41: Lost braces
39 | if (event == TRUE) {\cr
| ^
checkRd: (-1) getRawData.Rd:41-43: Lost braces
41 | } else if (dropoutEvent == TRUE) {\cr
| ^
checkRd: (-1) getRawData.Rd:43-45: Lost braces
43 | } else {\cr
| ^
checkRd: (-1) getSimulationSurvival.Rd:339-341: Lost braces
339 | if (event == TRUE) {\cr
| ^
checkRd: (-1) getSimulationSurvival.Rd:341-343: Lost braces
341 | } else if (dropoutEvent == TRUE) {\cr
| ^
checkRd: (-1) getSimulationSurvival.Rd:343-345: Lost braces
343 | } else {\cr
| ^
checkRd: (-1) readDataset.Rd:22: Lost braces
22 | \item{...}{Further arguments to be passed to code{\link[utils]{read.table}}.}
| ^
Flavors: r-devel-linux-x86_64-debian-clang, r-devel-linux-x86_64-debian-gcc
Version: 3.4.0
Check: installed package size
Result: NOTE
installed size is 6.4Mb
sub-directories of 1Mb or more:
R 4.2Mb
libs 1.1Mb
Flavors: r-devel-linux-x86_64-fedora-clang, r-devel-windows-x86_64, r-release-macos-arm64, r-release-macos-x86_64, r-release-windows-x86_64, r-oldrel-macos-arm64, r-oldrel-macos-x86_64, r-oldrel-windows-x86_64