CRAN Package Check Results for Package rpf

Last updated on 2023-06-05 20:57:50 CEST.

Flavor Version Tinstall Tcheck Ttotal Status Flags
r-devel-linux-x86_64-debian-clang 1.0.11 165.29 98.18 263.47 NOTE
r-devel-linux-x86_64-debian-gcc 1.0.11 124.64 76.88 201.52 NOTE
r-devel-linux-x86_64-fedora-clang 1.0.11 374.67 NOTE
r-devel-linux-x86_64-fedora-gcc 1.0.11 374.73 NOTE
r-devel-windows-x86_64 1.0.11 109.00 126.00 235.00 OK
r-patched-linux-x86_64 1.0.11 126.06 95.27 221.33 NOTE
r-release-linux-x86_64 1.0.11 122.85 95.99 218.84 NOTE
r-release-macos-arm64 1.0.11 96.00 NOTE
r-release-macos-x86_64 1.0.11 157.00 NOTE
r-release-windows-x86_64 1.0.11 145.00 153.00 298.00 OK
r-oldrel-macos-arm64 1.0.11 95.00 NOTE
r-oldrel-macos-x86_64 1.0.11 116.00 NOTE
r-oldrel-windows-x86_64 1.0.11 134.00 131.00 265.00 OK

Check Details

Version: 1.0.11
Check: C++ specification
Result: NOTE
     Specified C++14: please drop specification unless essential
Flavors: r-devel-linux-x86_64-debian-clang, r-devel-linux-x86_64-debian-gcc, r-devel-linux-x86_64-fedora-clang, r-devel-linux-x86_64-fedora-gcc, r-patched-linux-x86_64, r-release-linux-x86_64, r-release-macos-arm64, r-release-macos-x86_64

Version: 1.0.11
Check: installed package size
Result: NOTE
     installed size is 22.4Mb
     sub-directories of 1Mb or more:
     libs 21.4Mb
Flavors: r-release-macos-arm64, r-release-macos-x86_64, r-oldrel-macos-arm64, r-oldrel-macos-x86_64