Last updated on 2023-12-02 18:53:55 CET.
Flavor | Version | Tinstall | Tcheck | Ttotal | Status | Flags |
---|---|---|---|---|---|---|
r-devel-linux-x86_64-debian-clang | 0.3.0 | 2.83 | 37.13 | 39.96 | NOTE | |
r-devel-linux-x86_64-debian-gcc | 0.3.0 | 2.68 | 28.78 | 31.46 | NOTE | |
r-devel-linux-x86_64-fedora-clang | 0.3.0 | 52.04 | OK | |||
r-devel-linux-x86_64-fedora-gcc | 0.3.0 | 60.72 | OK | |||
r-devel-windows-x86_64 | 0.3.0 | 5.00 | 52.00 | 57.00 | OK | |
r-patched-linux-x86_64 | 0.3.0 | 2.22 | 36.05 | 38.27 | OK | |
r-release-linux-x86_64 | 0.3.0 | 2.13 | 36.01 | 38.14 | OK | |
r-release-macos-arm64 | 0.3.0 | 29.00 | OK | |||
r-release-macos-x86_64 | 0.3.0 | 41.00 | OK | |||
r-release-windows-x86_64 | 0.3.0 | 5.00 | 54.00 | 59.00 | OK | |
r-oldrel-macos-arm64 | 0.3.0 | 21.00 | OK | |||
r-oldrel-macos-x86_64 | 0.3.0 | 29.00 | OK | |||
r-oldrel-windows-x86_64 | 0.3.0 | 5.00 | 58.00 | 63.00 | OK |
Version: 0.3.0
Check: Rd files
Result: NOTE
checkRd: (-1) rpivotTable.Rd:60: Lost braces; missing escapes or markup?
60 | An example is: onRefresh=htmlwidgets::JS("function(config) { Shiny.onInputChange('myPivotData', config); }")
| ^
Flavors: r-devel-linux-x86_64-debian-clang, r-devel-linux-x86_64-debian-gcc