CRAN Package Check Results for Package rrefine

Last updated on 2024-02-27 18:49:27 CET.

Flavor Version Tinstall Tcheck Ttotal Status Flags
r-devel-linux-x86_64-debian-clang 2.1.0 1.87 29.51 31.38 NOTE
r-devel-linux-x86_64-debian-gcc 2.1.0 1.91 22.65 24.56 NOTE
r-devel-linux-x86_64-fedora-clang 2.1.0 40.01 NOTE
r-devel-linux-x86_64-fedora-gcc 2.1.0 51.04 NOTE
r-devel-windows-x86_64 2.1.0 4.00 48.00 52.00 OK
r-patched-linux-x86_64 2.1.0 1.89 28.59 30.48 OK
r-release-linux-x86_64 2.1.0 1.64 28.35 29.99 OK
r-release-macos-arm64 2.1.0 25.00 OK
r-release-macos-x86_64 2.1.0 35.00 OK
r-release-windows-x86_64 2.1.0 5.00 47.00 52.00 OK
r-oldrel-macos-arm64 2.1.0 23.00 OK
r-oldrel-windows-x86_64 2.1.0 5.00 49.00 54.00 OK

Check Details

Version: 2.1.0
Check: Rd files
Result: NOTE checkRd: (-1) lateformeeting.Rd:10: Lost braces in \itemize; meant \describe ? checkRd: (-1) lateformeeting.Rd:11: Lost braces in \itemize; meant \describe ? checkRd: (-1) lateformeeting.Rd:12: Lost braces in \itemize; meant \describe ? checkRd: (-1) lateformeeting.Rd:13: Lost braces in \itemize; meant \describe ? checkRd: (-1) lfm_clean.Rd:10: Lost braces in \itemize; meant \describe ? checkRd: (-1) lfm_clean.Rd:11: Lost braces in \itemize; meant \describe ? checkRd: (-1) lfm_clean.Rd:12: Lost braces in \itemize; meant \describe ? checkRd: (-1) lfm_clean.Rd:13: Lost braces in \itemize; meant \describe ? Flavors: r-devel-linux-x86_64-debian-clang, r-devel-linux-x86_64-debian-gcc, r-devel-linux-x86_64-fedora-clang, r-devel-linux-x86_64-fedora-gcc