CRAN Package Check Results for Package rroad

Last updated on 2024-06-17 21:52:05 CEST.

Flavor Version Tinstall Tcheck Ttotal Status Flags
r-devel-linux-x86_64-debian-clang 0.0.5 1.90 26.79 28.69 NOTE
r-devel-linux-x86_64-debian-gcc 0.0.5 1.67 20.57 22.24 NOTE
r-devel-linux-x86_64-fedora-clang 0.0.5 37.25 NOTE
r-devel-linux-x86_64-fedora-gcc 0.0.5 62.46 NOTE
r-devel-windows-x86_64 0.0.5 3.00 43.00 46.00 NOTE
r-patched-linux-x86_64 0.0.5 2.08 26.14 28.22 NOTE
r-release-linux-x86_64 0.0.5 2.23 25.19 27.42 NOTE
r-release-macos-arm64 0.0.5 24.00 NOTE
r-release-macos-x86_64 0.0.5 41.00 NOTE
r-release-windows-x86_64 0.0.5 3.00 44.00 47.00 NOTE
r-oldrel-macos-arm64 0.0.5 25.00 NOTE
r-oldrel-macos-x86_64 0.0.5 37.00 NOTE
r-oldrel-windows-x86_64 0.0.5 3.00 44.00 47.00 NOTE

Check Details

Version: 0.0.5
Check: LazyData
Result: NOTE 'LazyData' is specified without a 'data' directory Flavors: r-devel-linux-x86_64-debian-clang, r-devel-linux-x86_64-debian-gcc, r-devel-linux-x86_64-fedora-clang, r-devel-linux-x86_64-fedora-gcc, r-devel-windows-x86_64, r-patched-linux-x86_64, r-release-linux-x86_64, r-release-macos-arm64, r-release-macos-x86_64, r-release-windows-x86_64, r-oldrel-macos-arm64, r-oldrel-macos-x86_64, r-oldrel-windows-x86_64