Last updated on 2023-12-10 18:52:23 CET.
Flavor | Version | Tinstall | Tcheck | Ttotal | Status | Flags |
---|---|---|---|---|---|---|
r-devel-linux-x86_64-debian-clang | 0.2 | 4.78 | 35.69 | 40.47 | NOTE | |
r-devel-linux-x86_64-debian-gcc | 0.2 | 4.15 | 27.38 | 31.53 | NOTE | |
r-devel-linux-x86_64-fedora-clang | 0.2 | 54.66 | OK | |||
r-devel-linux-x86_64-fedora-gcc | 0.2 | 60.27 | OK | |||
r-devel-windows-x86_64 | 0.2 | 9.00 | 56.00 | 65.00 | OK | |
r-patched-linux-x86_64 | 0.2 | 5.46 | 34.82 | 40.28 | OK | |
r-release-linux-x86_64 | 0.2 | 5.24 | 35.06 | 40.30 | OK | |
r-release-macos-arm64 | 0.2 | 27.00 | OK | |||
r-release-macos-x86_64 | 0.2 | 40.00 | NOTE | |||
r-release-windows-x86_64 | 0.2 | 9.00 | 61.00 | 70.00 | OK | |
r-oldrel-macos-arm64 | 0.2 | 23.00 | OK | |||
r-oldrel-macos-x86_64 | 0.2 | 29.00 | OK | |||
r-oldrel-windows-x86_64 | 0.2 | 10.00 | 61.00 | 71.00 | OK |
Version: 0.2
Check: Rd files
Result: NOTE
checkRd: (-1) makedata.Rd:35: Lost braces; missing escapes or markup?
35 | {e = (1-h)*N(0, ve) + h*N(0, ve.contam)}.}
| ^
Flavors: r-devel-linux-x86_64-debian-clang, r-devel-linux-x86_64-debian-gcc
Version: 0.2
Check: package dependencies
Result: NOTE
Package suggested but not available for checking: ‘robustbase’
Flavor: r-release-macos-x86_64
Version: 0.2
Check: Rd cross-references
Result: NOTE
Package unavailable to check Rd xrefs: ‘robustbase’
Flavor: r-release-macos-x86_64