Last updated on 2023-10-02 19:11:20 CEST.
Flavor | Version | Tinstall | Tcheck | Ttotal | Status | Flags |
---|---|---|---|---|---|---|
r-devel-linux-x86_64-debian-clang | 0.2.19 | 8.00 | 48.82 | 56.82 | NOTE | |
r-devel-linux-x86_64-debian-gcc | 0.2.19 | 5.57 | 36.58 | 42.15 | NOTE | |
r-devel-linux-x86_64-fedora-clang | 0.2.19 | 67.41 | NOTE | |||
r-devel-linux-x86_64-fedora-gcc | 0.2.19 | 66.46 | NOTE | |||
r-devel-windows-x86_64 | 0.2.19 | 8.00 | 45.00 | 53.00 | NOTE | |
r-patched-linux-x86_64 | 0.2.19 | 4.38 | 46.88 | 51.26 | NOTE | |
r-release-linux-x86_64 | 0.2.19 | 4.62 | 46.58 | 51.20 | NOTE | |
r-release-macos-arm64 | 0.2.19 | 25.00 | NOTE | |||
r-release-macos-x86_64 | 0.2.19 | 37.00 | NOTE | |||
r-release-windows-x86_64 | 0.2.19 | 12.00 | 56.00 | 68.00 | NOTE | |
r-oldrel-macos-arm64 | 0.2.19 | 20.00 | NOTE | |||
r-oldrel-macos-x86_64 | 0.2.19 | 35.00 | NOTE | |||
r-oldrel-windows-x86_64 | 0.2.19 | 10.00 | 55.00 | 65.00 | NOTE |
Version: 0.2.19
Check: LazyData
Result: NOTE
'LazyData' is specified without a 'data' directory
Flavors: r-devel-linux-x86_64-debian-clang, r-devel-linux-x86_64-debian-gcc, r-devel-linux-x86_64-fedora-clang, r-devel-linux-x86_64-fedora-gcc, r-devel-windows-x86_64, r-patched-linux-x86_64, r-release-linux-x86_64, r-release-macos-arm64, r-release-macos-x86_64, r-release-windows-x86_64, r-oldrel-macos-arm64, r-oldrel-macos-x86_64, r-oldrel-windows-x86_64
Version: 0.2.19
Check: dependencies in R code
Result: NOTE
Namespace in Imports field not imported from: ‘h2o’
All declared Imports should be used.
Flavors: r-devel-linux-x86_64-fedora-clang, r-devel-linux-x86_64-fedora-gcc, r-oldrel-macos-arm64, r-oldrel-macos-x86_64