CRAN Package Check Results for Package rsparkling

Last updated on 2024-07-19 20:49:40 CEST.

Flavor Version Tinstall Tcheck Ttotal Status Flags
r-devel-linux-x86_64-debian-clang 0.2.19 8.42 49.79 58.21 NOTE
r-devel-linux-x86_64-debian-gcc 0.2.19 5.94 36.63 42.57 NOTE
r-devel-linux-x86_64-fedora-clang 0.2.19 71.25 NOTE
r-devel-linux-x86_64-fedora-gcc 0.2.19 65.31 NOTE
r-devel-windows-x86_64 0.2.19 8.00 45.00 53.00 NOTE
r-patched-linux-x86_64 0.2.19 5.80 47.16 52.96 NOTE
r-release-linux-x86_64 0.2.19 4.74 46.10 50.84 NOTE
r-release-macos-arm64 0.2.19 26.00 NOTE
r-release-macos-x86_64 0.2.19 32.00 NOTE
r-release-windows-x86_64 0.2.19 7.00 46.00 53.00 NOTE
r-oldrel-macos-arm64 0.2.19 25.00 NOTE
r-oldrel-macos-x86_64 0.2.19 37.00 NOTE
r-oldrel-windows-x86_64 0.2.19 9.00 54.00 63.00 NOTE

Check Details

Version: 0.2.19
Check: LazyData
Result: NOTE 'LazyData' is specified without a 'data' directory Flavors: r-devel-linux-x86_64-debian-clang, r-devel-linux-x86_64-debian-gcc, r-devel-linux-x86_64-fedora-clang, r-devel-linux-x86_64-fedora-gcc, r-devel-windows-x86_64, r-patched-linux-x86_64, r-release-linux-x86_64, r-release-macos-arm64, r-release-macos-x86_64, r-release-windows-x86_64, r-oldrel-macos-arm64, r-oldrel-macos-x86_64, r-oldrel-windows-x86_64

Version: 0.2.19
Check: dependencies in R code
Result: NOTE Namespace in Imports field not imported from: ‘h2o’ All declared Imports should be used. Flavors: r-devel-linux-x86_64-fedora-clang, r-devel-linux-x86_64-fedora-gcc