CRAN Package Check Results for Package rsparse

Last updated on 2024-05-19 20:54:18 CEST.

Flavor Version Tinstall Tcheck Ttotal Status Flags
r-devel-linux-x86_64-debian-clang 0.5.1 227.36 160.95 388.31 NOTE
r-devel-linux-x86_64-debian-gcc 0.5.1 174.23 116.23 290.46 NOTE
r-devel-linux-x86_64-fedora-clang 0.5.1 540.88 NOTE
r-devel-linux-x86_64-fedora-gcc 0.5.1 628.80 NOTE
r-devel-windows-x86_64 0.5.1 182.00 149.00 331.00 NOTE
r-patched-linux-x86_64 0.5.1 223.19 153.67 376.86 NOTE
r-release-linux-x86_64 0.5.1 216.56 154.72 371.28 NOTE
r-release-macos-arm64 0.5.1 111.00 NOTE
r-release-windows-x86_64 0.5.1 183.00 147.00 330.00 NOTE
r-oldrel-macos-arm64 0.5.1 135.00 NOTE
r-oldrel-macos-x86_64 0.5.1 229.00 NOTE
r-oldrel-windows-x86_64 0.5.1 217.00 185.00 402.00 NOTE

Check Details

Version: 0.5.1
Check: C++ specification
Result: NOTE Specified C++11: please drop specification unless essential Flavors: r-devel-linux-x86_64-debian-clang, r-devel-linux-x86_64-debian-gcc, r-devel-linux-x86_64-fedora-clang, r-devel-linux-x86_64-fedora-gcc, r-devel-windows-x86_64, r-patched-linux-x86_64, r-release-linux-x86_64, r-release-macos-arm64, r-release-windows-x86_64, r-oldrel-macos-arm64, r-oldrel-macos-x86_64, r-oldrel-windows-x86_64

Version: 0.5.1
Check: whether startup messages can be suppressed
Result: NOTE OMP: Warning #96: Cannot form a team with 24 threads, using 2 instead. OMP: Hint Consider unsetting KMP_DEVICE_THREAD_LIMIT (KMP_ALL_THREADS), KMP_TEAMS_THREAD_LIMIT, and OMP_THREAD_LIMIT (if any are set). It looks like this package (or a package it requires) has a startup message which cannot be suppressed: see ?packageStartupMessage. Flavor: r-devel-linux-x86_64-fedora-clang

Version: 0.5.1
Check: dependencies in R code
Result: NOTE Namespace in Imports field not imported from: ‘MatrixExtra’ All declared Imports should be used. Flavors: r-devel-linux-x86_64-fedora-clang, r-devel-linux-x86_64-fedora-gcc

Version: 0.5.1
Check: installed package size
Result: NOTE installed size is 9.6Mb sub-directories of 1Mb or more: libs 8.9Mb Flavors: r-release-macos-arm64, r-oldrel-macos-arm64, r-oldrel-macos-x86_64