Last updated on 2023-11-27 18:51:18 CET.
Flavor | Version | Tinstall | Tcheck | Ttotal | Status | Flags |
---|---|---|---|---|---|---|
r-devel-linux-x86_64-debian-clang | 0.1.5 | 183.92 | 217.15 | 401.07 | NOTE | |
r-devel-linux-x86_64-debian-gcc | 0.1.5 | 147.48 | 169.89 | 317.37 | NOTE | |
r-devel-linux-x86_64-fedora-clang | 0.1.5 | 485.89 | NOTE | |||
r-devel-linux-x86_64-fedora-gcc | 0.1.5 | 539.38 | NOTE | |||
r-devel-windows-x86_64 | 0.1.5 | 126.00 | 193.00 | 319.00 | NOTE | |
r-patched-linux-x86_64 | 0.1.5 | 115.05 | 220.15 | 335.20 | NOTE | |
r-release-linux-x86_64 | 0.1.5 | 112.10 | 215.63 | 327.73 | NOTE | |
r-release-macos-arm64 | 0.1.5 | 242.00 | NOTE | |||
r-release-macos-x86_64 | 0.1.5 | 348.00 | NOTE | |||
r-release-windows-x86_64 | 0.1.5 | 165.00 | 236.00 | 401.00 | NOTE | |
r-oldrel-macos-arm64 | 0.1.5 | 177.00 | NOTE | |||
r-oldrel-macos-x86_64 | 0.1.5 | 236.00 | NOTE | |||
r-oldrel-windows-x86_64 | 0.1.5 | 146.00 | 223.00 | 369.00 | NOTE |
Version: 0.1.5
Check: for GNU extensions in Makefiles
Result: NOTE
GNU make is a SystemRequirements.
Flavors: r-devel-linux-x86_64-debian-clang, r-devel-linux-x86_64-debian-gcc, r-devel-linux-x86_64-fedora-clang, r-devel-linux-x86_64-fedora-gcc, r-devel-windows-x86_64, r-patched-linux-x86_64, r-release-linux-x86_64, r-release-macos-arm64, r-release-macos-x86_64, r-release-windows-x86_64, r-oldrel-macos-arm64, r-oldrel-macos-x86_64, r-oldrel-windows-x86_64
Version: 0.1.5
Check: installed package size
Result: NOTE
installed size is 36.6Mb
sub-directories of 1Mb or more:
libs 36.0Mb
Flavors: r-release-macos-arm64, r-release-macos-x86_64, r-oldrel-macos-arm64, r-oldrel-macos-x86_64