CRAN Package Check Results for Package rstpm2

Last updated on 2024-06-13 20:49:26 CEST.

Flavor Version Tinstall Tcheck Ttotal Status Flags
r-devel-linux-x86_64-debian-clang 1.6.3 321.05 206.53 527.58 OK
r-devel-linux-x86_64-debian-gcc 1.6.3 206.61 136.44 343.05 ERROR
r-devel-linux-x86_64-fedora-clang 1.6.3 667.21 NOTE
r-devel-linux-x86_64-fedora-gcc 1.6.3 731.93 OK
r-devel-windows-x86_64 1.6.3 218.00 241.00 459.00 NOTE
r-patched-linux-x86_64 1.6.3 266.95 198.02 464.97 OK
r-release-linux-x86_64 1.6.3 259.79 192.23 452.02 OK
r-release-macos-arm64 1.6.3 169.00 NOTE
r-release-macos-x86_64 1.6.3 204.00 NOTE
r-release-windows-x86_64 1.6.3 223.00 244.00 467.00 NOTE
r-oldrel-macos-arm64 1.6.3 170.00 NOTE
r-oldrel-macos-x86_64 1.6.3 291.00 NOTE
r-oldrel-windows-x86_64 1.6.3 275.00 273.00 548.00 NOTE

Additional issues

MKL rcnst

Check Details

Version: 1.6.3
Check: package dependencies
Result: NOTE Packages suggested but not available for checking: 'testthat', 'ggplot2', 'flexsurv' Flavor: r-devel-linux-x86_64-debian-gcc

Version: 1.6.3
Check: tests
Result: ERROR Running ‘testthat.R’ [0s/1s] Running the tests in ‘tests/testthat.R’ failed. Complete output: > library(testthat) Error in library(testthat) : there is no package called 'testthat' Execution halted Flavor: r-devel-linux-x86_64-debian-gcc

Version: 1.6.3
Check: re-building of vignette outputs
Result: ERROR Error(s) in re-building vignettes: ... --- re-building ‘Introduction.Rnw’ using Sweave Loading required package: survival Loading required package: splines Attaching package: ‘rstpm2’ The following object is masked from ‘package:survival’: colon --- finished re-building ‘Introduction.Rnw’ --- re-building ‘SimpleGuide.Rnw’ using Sweave Loading required package: splines Attaching package: ‘rstpm2’ The following object is masked from ‘package:survival’: colon Error: processing vignette 'SimpleGuide.Rnw' failed with diagnostics: chunk 5 Error in library(ggplot2) : there is no package called ‘ggplot2’ --- failed re-building ‘SimpleGuide.Rnw’ --- re-building ‘multistate.Rnw’ using Sweave --- finished re-building ‘multistate.Rnw’ --- re-building ‘predictnl.Rnw’ using Sweave Loading required package: survival Loading required package: splines Attaching package: ‘rstpm2’ The following object is masked from ‘package:survival’: colon Warning in survfit.coxph(obj, se.fit = FALSE) : the model contains interactions; the default curve based on columm means of the X matrix is almost certainly not useful. Consider adding a newdata argument. --- finished re-building ‘predictnl.Rnw’ SUMMARY: processing the following file failed: ‘SimpleGuide.Rnw’ Error: Vignette re-building failed. Execution halted Flavor: r-devel-linux-x86_64-debian-gcc

Version: 1.6.3
Check: installed package size
Result: NOTE installed size is 18.1Mb sub-directories of 1Mb or more: libs 2.2Mb Flavors: r-devel-linux-x86_64-fedora-clang, r-devel-windows-x86_64, r-release-macos-arm64, r-release-macos-x86_64, r-release-windows-x86_64, r-oldrel-macos-arm64, r-oldrel-macos-x86_64, r-oldrel-windows-x86_64