CRAN Package Check Results for Package rticles

Last updated on 2023-11-29 18:49:00 CET.

Flavor Version Tinstall Tcheck Ttotal Status Flags
r-devel-linux-x86_64-debian-clang 0.25 5.75 39.84 45.59 NOTE
r-devel-linux-x86_64-debian-gcc 0.25 4.24 30.47 34.71 NOTE
r-devel-linux-x86_64-fedora-clang 0.25 56.41 NOTE
r-devel-linux-x86_64-fedora-gcc 0.25 56.54 NOTE
r-devel-windows-x86_64 0.25 8.00 55.00 63.00 NOTE
r-patched-linux-x86_64 0.25 6.15 38.88 45.03 NOTE
r-release-linux-x86_64 0.25 5.01 38.27 43.28 NOTE
r-release-macos-arm64 0.25 21.00 NOTE
r-release-macos-x86_64 0.25 44.00 NOTE
r-release-windows-x86_64 0.25 10.00 57.00 67.00 NOTE
r-oldrel-macos-arm64 0.25 31.00 NOTE
r-oldrel-macos-x86_64 0.25 33.00 NOTE
r-oldrel-windows-x86_64 0.25 10.00 63.00 73.00 NOTE

Check Details

Version: 0.25
Check: Rd files
Result: NOTE checkRd: (-1) article.Rd:414: Lost braces 414 | \verb{https://uk.sagepub.com/sites/default/files/sage_latex_template_4.zip}{class}. | ^ Flavors: r-devel-linux-x86_64-debian-clang, r-devel-linux-x86_64-debian-gcc

Version: 0.25
Check: for GNU extensions in Makefiles
Result: NOTE GNU make is a SystemRequirements. Flavors: r-devel-linux-x86_64-debian-clang, r-devel-linux-x86_64-debian-gcc, r-devel-linux-x86_64-fedora-clang, r-devel-linux-x86_64-fedora-gcc, r-devel-windows-x86_64, r-patched-linux-x86_64, r-release-linux-x86_64, r-release-macos-arm64, r-release-macos-x86_64, r-release-windows-x86_64, r-oldrel-macos-arm64, r-oldrel-macos-x86_64, r-oldrel-windows-x86_64

Version: 0.25
Check: installed package size
Result: NOTE installed size is 10.4Mb sub-directories of 1Mb or more: rmarkdown 10.1Mb Flavors: r-devel-linux-x86_64-fedora-clang, r-devel-windows-x86_64, r-release-macos-arm64, r-release-macos-x86_64, r-release-windows-x86_64, r-oldrel-macos-arm64, r-oldrel-macos-x86_64, r-oldrel-windows-x86_64