CRAN Package Check Results for Package rtsdata

Last updated on 2024-04-23 20:52:17 CEST.

Flavor Version Tinstall Tcheck Ttotal Status Flags
r-devel-linux-x86_64-debian-clang 0.1.4 2.53 31.41 33.94 NOTE
r-devel-linux-x86_64-debian-gcc 0.1.4 2.47 24.02 26.49 OK
r-devel-linux-x86_64-fedora-clang 0.1.4 44.59 NOTE
r-devel-linux-x86_64-fedora-gcc 0.1.4 41.39 OK
r-prerel-macos-arm64 0.1.4 19.00 OK
r-prerel-windows-x86_64 0.1.4 4.00 47.00 51.00 OK
r-patched-linux-x86_64 0.1.4 2.95 30.02 32.97 OK
r-release-linux-x86_64 0.1.4 2.98 30.02 33.00 OK
r-release-macos-arm64 0.1.4 20.00 OK
r-release-macos-x86_64 0.1.4 36.00 OK
r-release-windows-x86_64 0.1.4 5.00 48.00 53.00 OK
r-oldrel-macos-arm64 0.1.4 24.00 OK
r-oldrel-windows-x86_64 0.1.4 5.00 51.00 56.00 OK

Check Details

Version: 0.1.4
Check: package dependencies
Result: NOTE Package suggested but not available for checking: ‘RQuantLib’ Flavors: r-devel-linux-x86_64-debian-clang, r-devel-linux-x86_64-fedora-clang