CRAN Package Check Results for Package runMCMCbtadjust

Last updated on 2024-04-23 20:52:17 CEST.

Flavor Version Tinstall Tcheck Ttotal Status Flags
r-devel-linux-x86_64-debian-clang 1.0.5 4.45 421.64 426.09 OK
r-devel-linux-x86_64-debian-gcc 1.0.5 3.85 314.51 318.36 OK
r-devel-linux-x86_64-fedora-clang 1.0.5 438.61 OK
r-devel-linux-x86_64-fedora-gcc 1.0.5 596.40 OK
r-prerel-macos-arm64 1.0.5 126.00 OK
r-prerel-windows-x86_64 1.0.5 4.00 462.00 466.00 OK
r-patched-linux-x86_64 1.0.5 5.16 418.33 423.49 OK
r-release-linux-x86_64 1.0.5 5.17 430.06 435.23 WARN
r-release-macos-arm64 1.0.5 156.00 WARN
r-release-macos-x86_64 1.0.5 355.00 WARN
r-release-windows-x86_64 1.0.5 6.00 408.00 414.00 OK
r-oldrel-macos-arm64 1.0.5 132.00 WARN
r-oldrel-windows-x86_64 1.0.5 7.00 378.00 385.00 OK

Check Details

Version: 1.0.5
Check: DESCRIPTION meta-information
Result: WARN Non-standard license specification: CECILL-2.1 Standardizable: FALSE Flavors: r-release-linux-x86_64, r-release-macos-arm64, r-release-macos-x86_64, r-oldrel-macos-arm64