CRAN Package Check Results for Package runjags

Last updated on 2024-02-22 18:50:37 CET.

Flavor Version Tinstall Tcheck Ttotal Status Flags
r-devel-linux-x86_64-debian-clang 2.2.2-1.1 NOTE
r-devel-linux-x86_64-debian-gcc 2.2.2-1.1 30.01 175.30 205.31 NOTE
r-devel-linux-x86_64-fedora-clang 2.2.2-1.1 369.31 OK
r-devel-linux-x86_64-fedora-gcc 2.2.2-1.1 408.69 OK
r-devel-windows-x86_64 2.2.2-1.1 41.00 93.00 134.00 NOTE --no-examples --no-tests --no-vignettes
r-patched-linux-x86_64 2.2.2-1.1 36.38 231.01 267.39 OK
r-release-linux-x86_64 2.2.2-1.1 35.37 233.46 268.83 OK
r-release-macos-arm64 2.2.2-1.1 204.00 OK
r-release-macos-x86_64 2.2.2-1.1 579.00 OK
r-release-windows-x86_64 2.2.2-1.1 43.00 90.00 133.00 OK --no-examples --no-tests --no-vignettes
r-oldrel-macos-arm64 2.2.2-1.1 203.00 OK
r-oldrel-windows-x86_64 2.2.2-1.1 41.00 90.00 131.00 OK --no-examples --no-tests --no-vignettes

Check Details

Version: 2.2.2-1.1
Check: Rd files
Result: NOTE checkRd: (-1) extract.runjags.Rd:27: Lost braces in \itemize; meant \describe ? checkRd: (-1) extract.runjags.Rd:28: Lost braces in \itemize; meant \describe ? checkRd: (-1) extract.runjags.Rd:29: Lost braces in \itemize; meant \describe ? checkRd: (-1) extract.runjags.Rd:30: Lost braces in \itemize; meant \describe ? checkRd: (-1) extract.runjags.Rd:31: Lost braces in \itemize; meant \describe ? checkRd: (-1) extract.runjags.Rd:32: Lost braces in \itemize; meant \describe ? checkRd: (-1) extract.runjags.Rd:33: Lost braces in \itemize; meant \describe ? checkRd: (-1) extract.runjags.Rd:34: Lost braces in \itemize; meant \describe ? checkRd: (-1) extract.runjags.Rd:35: Lost braces in \itemize; meant \describe ? checkRd: (-1) extract.runjags.Rd:36: Lost braces in \itemize; meant \describe ? checkRd: (-1) extract.runjags.Rd:37: Lost braces in \itemize; meant \describe ? checkRd: (-1) extract.runjags.Rd:38: Lost braces in \itemize; meant \describe ? checkRd: (-1) extract.runjags.Rd:39: Lost braces in \itemize; meant \describe ? checkRd: (-1) extract.runjags.Rd:40: Lost braces in \itemize; meant \describe ? checkRd: (-1) extract.runjags.Rd:41: Lost braces in \itemize; meant \describe ? checkRd: (-1) extract.runjags.Rd:42: Lost braces in \itemize; meant \describe ? checkRd: (-1) extract.runjags.Rd:43: Lost braces in \itemize; meant \describe ? checkRd: (-1) read.jagsfile.Rd:52: Lost braces 52 | #Rdata# when placed inside a data{ } or inits{ } block, this signifies | ^ checkRd: (-1) read.jagsfile.Rd:52: Lost braces 52 | #Rdata# when placed inside a data{ } or inits{ } block, this signifies | ^ checkRd: (-1) read.jagsfile.Rd:56: Lost braces 56 | #BUGSdata# when placed inside a data{ } or inits{ } block, this signifies | ^ checkRd: (-1) read.jagsfile.Rd:56: Lost braces 56 | #BUGSdata# when placed inside a data{ } or inits{ } block, this signifies | ^ checkRd: (-1) read.jagsfile.Rd:61: Lost braces 61 | #modeldata# when placed inside a data{ } block, this signifies that | ^ checkRd: (-1) read.jagsfile.Rd:62: Lost braces 62 | the code is to be passed to JAGS along with the model{ } block | ^ Flavors: r-devel-linux-x86_64-debian-clang, r-devel-linux-x86_64-debian-gcc

Version: 2.2.2-1.1
Flags: --no-examples --no-tests --no-vignettes
Check: Rd files
Result: NOTE checkRd: (-1) extract.runjags.Rd:27: Lost braces in \itemize; meant \describe ? checkRd: (-1) extract.runjags.Rd:28: Lost braces in \itemize; meant \describe ? checkRd: (-1) extract.runjags.Rd:29: Lost braces in \itemize; meant \describe ? checkRd: (-1) extract.runjags.Rd:30: Lost braces in \itemize; meant \describe ? checkRd: (-1) extract.runjags.Rd:31: Lost braces in \itemize; meant \describe ? checkRd: (-1) extract.runjags.Rd:32: Lost braces in \itemize; meant \describe ? checkRd: (-1) extract.runjags.Rd:33: Lost braces in \itemize; meant \describe ? checkRd: (-1) extract.runjags.Rd:34: Lost braces in \itemize; meant \describe ? checkRd: (-1) extract.runjags.Rd:35: Lost braces in \itemize; meant \describe ? checkRd: (-1) extract.runjags.Rd:36: Lost braces in \itemize; meant \describe ? checkRd: (-1) extract.runjags.Rd:37: Lost braces in \itemize; meant \describe ? checkRd: (-1) extract.runjags.Rd:38: Lost braces in \itemize; meant \describe ? checkRd: (-1) extract.runjags.Rd:39: Lost braces in \itemize; meant \describe ? checkRd: (-1) extract.runjags.Rd:40: Lost braces in \itemize; meant \describe ? checkRd: (-1) extract.runjags.Rd:41: Lost braces in \itemize; meant \describe ? checkRd: (-1) extract.runjags.Rd:42: Lost braces in \itemize; meant \describe ? checkRd: (-1) extract.runjags.Rd:43: Lost braces in \itemize; meant \describe ? checkRd: (-1) read.jagsfile.Rd:52: Lost braces 52 | #Rdata# when placed inside a data{ } or inits{ } block, this signifies | ^ checkRd: (-1) read.jagsfile.Rd:52: Lost braces 52 | #Rdata# when placed inside a data{ } or inits{ } block, this signifies | ^ checkRd: (-1) read.jagsfile.Rd:56: Lost braces 56 | #BUGSdata# when placed inside a data{ } or inits{ } block, this signifies | ^ checkRd: (-1) read.jagsfile.Rd:56: Lost braces 56 | #BUGSdata# when placed inside a data{ } or inits{ } block, this signifies | ^ checkRd: (-1) read.jagsfile.Rd:61: Lost braces 61 | #modeldata# when placed inside a data{ } block, this signifies that | ^ checkRd: (-1) read.jagsfile.Rd:62: Lost braces 62 | the code is to be passed to JAGS along with the model{ } block | ^ Flavor: r-devel-windows-x86_64