CRAN Package Check Results for Package rusk

Last updated on 2024-06-13 20:49:27 CEST.

Flavor Version Tinstall Tcheck Ttotal Status Flags
r-devel-linux-x86_64-debian-clang 0.1.1 7.56 54.94 62.50 NOTE
r-devel-linux-x86_64-debian-gcc 0.1.1 0.31 1.72 2.03 ERROR
r-devel-linux-x86_64-fedora-clang 0.1.1 76.69 NOTE
r-devel-linux-x86_64-fedora-gcc 0.1.1 73.39 NOTE
r-devel-windows-x86_64 0.1.1 7.00 59.00 66.00 NOTE
r-patched-linux-x86_64 0.1.1 6.82 53.53 60.35 NOTE
r-release-linux-x86_64 0.1.1 3.94 52.85 56.79 NOTE
r-release-macos-arm64 0.1.1 27.00 NOTE
r-release-macos-x86_64 0.1.1 63.00 NOTE
r-release-windows-x86_64 0.1.1 10.00 67.00 77.00 NOTE
r-oldrel-macos-arm64 0.1.1 25.00 NOTE
r-oldrel-macos-x86_64 0.1.1 40.00 NOTE
r-oldrel-windows-x86_64 0.1.1 8.00 65.00 73.00 NOTE

Check Details

Version: 0.1.1
Check: LazyData
Result: NOTE 'LazyData' is specified without a 'data' directory Flavors: r-devel-linux-x86_64-debian-clang, r-devel-linux-x86_64-fedora-clang, r-devel-linux-x86_64-fedora-gcc, r-devel-windows-x86_64, r-patched-linux-x86_64, r-release-linux-x86_64, r-release-macos-arm64, r-release-macos-x86_64, r-release-windows-x86_64, r-oldrel-macos-arm64, r-oldrel-macos-x86_64, r-oldrel-windows-x86_64

Version: 0.1.1
Check: package dependencies
Result: ERROR Packages required but not available: 'dplyr', 'ggforce', 'ggplot2', 'reshape2', 'tidyr' See section ‘The DESCRIPTION file’ in the ‘Writing R Extensions’ manual. Flavor: r-devel-linux-x86_64-debian-gcc