Last updated on 2023-11-30 18:49:44 CET.
Flavor | Version | Tinstall | Tcheck | Ttotal | Status | Flags |
---|---|---|---|---|---|---|
r-devel-linux-x86_64-debian-clang | 2.0.14 | 291.27 | 260.14 | 551.41 | WARN | |
r-devel-linux-x86_64-debian-gcc | 2.0.14 | 221.71 | 190.00 | 411.71 | NOTE | |
r-devel-linux-x86_64-fedora-clang | 2.0.14 | 762.42 | WARN | |||
r-devel-linux-x86_64-fedora-gcc | 2.0.14 | 823.47 | OK | |||
r-devel-windows-x86_64 | 2.0.14 | 237.00 | 277.00 | 514.00 | NOTE | |
r-patched-linux-x86_64 | 2.0.14 | 253.47 | 241.67 | 495.14 | OK | |
r-release-linux-x86_64 | 2.0.14 | 262.17 | 239.99 | 502.16 | OK | |
r-release-macos-arm64 | 2.0.14 | 133.00 | OK | |||
r-release-macos-x86_64 | 2.0.14 | 284.00 | OK | |||
r-release-windows-x86_64 | 2.0.14 | 307.00 | 343.00 | 650.00 | OK | |
r-oldrel-macos-arm64 | 2.0.14 | 150.00 | OK | |||
r-oldrel-macos-x86_64 | 2.0.14 | 233.00 | OK | |||
r-oldrel-windows-x86_64 | 2.0.14 | 281.00 | 288.00 | 569.00 | OK |
Version: 2.0.14
Check: whether package can be installed
Result: WARN
Found the following significant warnings:
RcppExports.cpp:67:18: warning: format string is not a string literal (potentially insecure) [-Wformat-security]
RcppExports.cpp:102:18: warning: format string is not a string literal (potentially insecure) [-Wformat-security]
RcppExports.cpp:138:18: warning: format string is not a string literal (potentially insecure) [-Wformat-security]
RcppExports.cpp:174:18: warning: format string is not a string literal (potentially insecure) [-Wformat-security]
RcppExports.cpp:208:18: warning: format string is not a string literal (potentially insecure) [-Wformat-security]
RcppExports.cpp:244:18: warning: format string is not a string literal (potentially insecure) [-Wformat-security]
RcppExports.cpp:290:18: warning: format string is not a string literal (potentially insecure) [-Wformat-security]
RcppExports.cpp:324:18: warning: format string is not a string literal (potentially insecure) [-Wformat-security]
RcppExports.cpp:358:18: warning: format string is not a string literal (potentially insecure) [-Wformat-security]
RcppExports.cpp:392:18: warning: format string is not a string literal (potentially insecure) [-Wformat-security]
RcppExports.cpp:427:18: warning: format string is not a string literal (potentially insecure) [-Wformat-security]
RcppExports.cpp:461:18: warning: format string is not a string literal (potentially insecure) [-Wformat-security]
RcppExports.cpp:495:18: warning: format string is not a string literal (potentially insecure) [-Wformat-security]
RcppExports.cpp:529:18: warning: format string is not a string literal (potentially insecure) [-Wformat-security]
RcppExports.cpp:569:18: warning: format string is not a string literal (potentially insecure) [-Wformat-security]
RcppExports.cpp:604:18: warning: format string is not a string literal (potentially insecure) [-Wformat-security]
RcppExports.cpp:640:18: warning: format string is not a string literal (potentially insecure) [-Wformat-security]
RcppExports.cpp:673:18: warning: format string is not a string literal (potentially insecure) [-Wformat-security]
RcppExports.cpp:734:18: warning: format string is not a string literal (potentially insecure) [-Wformat-security]
RcppExports.cpp:767:18: warning: format string is not a string literal (potentially insecure) [-Wformat-security]
RcppExports.cpp:808:18: warning: format string is not a string literal (potentially insecure) [-Wformat-security]
RcppExports.cpp:842:18: warning: format string is not a string literal (potentially insecure) [-Wformat-security]
RcppExports.cpp:878:18: warning: format string is not a string literal (potentially insecure) [-Wformat-security]
RcppExports.cpp:914:18: warning: format string is not a string literal (potentially insecure) [-Wformat-security]
RcppExports.cpp:955:18: warning: format string is not a string literal (potentially insecure) [-Wformat-security]
RcppExports.cpp:988:18: warning: format string is not a string literal (potentially insecure) [-Wformat-security]
RcppExports.cpp:1022:18: warning: format string is not a string literal (potentially insecure) [-Wformat-security]
RcppExports.cpp:1056:18: warning: format string is not a string literal (potentially insecure) [-Wformat-security]
RcppExports.cpp:1089:18: warning: format string is not a string literal (potentially insecure) [-Wformat-security]
RcppExports.cpp:1123:18: warning: format string is not a string literal (potentially insecure) [-Wformat-security]
RcppExports.cpp:1157:18: warning: format string is not a string literal (potentially insecure) [-Wformat-security]
RcppExports.cpp:1191:18: warning: format string is not a string literal (potentially insecure) [-Wformat-security]
RcppExports.cpp:1225:18: warning: format string is not a string literal (potentially insecure) [-Wformat-security]
RcppExports.cpp:1259:18: warning: format string is not a string literal (potentially insecure) [-Wformat-security]
RcppExports.cpp:1293:18: warning: format string is not a string literal (potentially insecure) [-Wformat-security]
RcppExports.cpp:1327:18: warning: format string is not a string literal (potentially insecure) [-Wformat-security]
RcppExports.cpp:1360:18: warning: format string is not a string literal (potentially insecure) [-Wformat-security]
RcppExports.cpp:1394:18: warning: format string is not a string literal (potentially insecure) [-Wformat-security]
RcppExports.cpp:1428:18: warning: format string is not a string literal (potentially insecure) [-Wformat-security]
RcppExports.cpp:1462:18: warning: format string is not a string literal (potentially insecure) [-Wformat-security]
RcppExports.cpp:1496:18: warning: format string is not a string literal (potentially insecure) [-Wformat-security]
RcppExports.cpp:1529:18: warning: format string is not a string literal (potentially insecure) [-Wformat-security]
RcppExports.cpp:1565:18: warning: format string is not a string literal (potentially insecure) [-Wformat-security]
RcppExports.cpp:1599:18: warning: format string is not a string literal (potentially insecure) [-Wformat-security]
RcppExports.cpp:1633:18: warning: format string is not a string literal (potentially insecure) [-Wformat-security]
RcppExports.cpp:1667:18: warning: format string is not a string literal (potentially insecure) [-Wformat-security]
RcppExports.cpp:1704:18: warning: format string is not a string literal (potentially insecure) [-Wformat-security]
RcppExports.cpp:1740:18: warning: format string is not a string literal (potentially insecure) [-Wformat-security]
RcppExports.cpp:1785:18: warning: format string is not a string literal (potentially insecure) [-Wformat-security]
RcppExports.cpp:1819:18: warning: format string is not a string literal (potentially insecure) [-Wformat-security]
par_solve.cpp:369:30: warning: format string is not a string literal (potentially insecure) [-Wformat-security]
See ‘/home/hornik/tmp/R.check/r-devel-clang/Work/PKGS/rxode2.Rcheck/00install.out’ for details.
* used C compiler: ‘Debian clang version 17.0.5 (1)’
* used Fortran compiler: ‘Debian flang-new version 17.0.5 (1)’
* used C++ compiler: ‘Debian clang version 17.0.5 (1)’
Flavor: r-devel-linux-x86_64-debian-clang
Version: 2.0.14
Check: Rd files
Result: NOTE
checkRd: (-1) rxCompile.Rd:95: Lost braces
95 | \item \code{dll}{DLL path}
| ^
checkRd: (-1) rxCompile.Rd:96: Lost braces
96 | \item \code{model}{model specification}
| ^
checkRd: (-1) rxCompile.Rd:97-98: Lost braces
97 | \item \code{.c}{A function to call C code in the correct context from the DLL
| ^
checkRd: (-1) rxCompile.Rd:99-100: Lost braces
99 | \item \code{.call}{A function to call C code in the correct context from the DLL
| ^
checkRd: (-1) rxCompile.Rd:101: Lost braces
101 | \item \code{args}{A list of the arguments used to create the rxDll object.}
| ^
checkRd: (-1) rxModelVars.Rd:24: Lost braces
24 | \item \code{params}{ a character vector of names of the model parameters}
| ^
checkRd: (-1) rxModelVars.Rd:25: Lost braces
25 | \item \code{lhs}{ a character vector of the names of the model calculated parameters}
| ^
checkRd: (-1) rxModelVars.Rd:26: Lost braces
26 | \item \code{state}{ a character vector of the compartments in rxode2 object}
| ^
checkRd: (-1) rxModelVars.Rd:27-29: Lost braces
27 | \item \code{trans}{ a named vector of translated model properties
| ^
checkRd: (-1) rxModelVars.Rd:30-31: Lost braces
30 | \item \code{md5}{a named vector that gives the digest of the model (\code{file_md5}) and the parsed model
| ^
checkRd: (-1) rxModelVars.Rd:32-34: Lost braces
32 | \item \code{model}{ a named vector giving the input model (\code{model}),
| ^
Flavors: r-devel-linux-x86_64-debian-clang, r-devel-linux-x86_64-debian-gcc
Version: 2.0.14
Check: whether package can be installed
Result: WARN
Found the following significant warnings:
RcppExports.cpp:67:18: warning: format string is not a string literal (potentially insecure) [-Wformat-security]
RcppExports.cpp:102:18: warning: format string is not a string literal (potentially insecure) [-Wformat-security]
RcppExports.cpp:138:18: warning: format string is not a string literal (potentially insecure) [-Wformat-security]
RcppExports.cpp:174:18: warning: format string is not a string literal (potentially insecure) [-Wformat-security]
RcppExports.cpp:208:18: warning: format string is not a string literal (potentially insecure) [-Wformat-security]
RcppExports.cpp:244:18: warning: format string is not a string literal (potentially insecure) [-Wformat-security]
RcppExports.cpp:290:18: warning: format string is not a string literal (potentially insecure) [-Wformat-security]
RcppExports.cpp:324:18: warning: format string is not a string literal (potentially insecure) [-Wformat-security]
RcppExports.cpp:358:18: warning: format string is not a string literal (potentially insecure) [-Wformat-security]
RcppExports.cpp:392:18: warning: format string is not a string literal (potentially insecure) [-Wformat-security]
RcppExports.cpp:427:18: warning: format string is not a string literal (potentially insecure) [-Wformat-security]
RcppExports.cpp:461:18: warning: format string is not a string literal (potentially insecure) [-Wformat-security]
RcppExports.cpp:495:18: warning: format string is not a string literal (potentially insecure) [-Wformat-security]
RcppExports.cpp:529:18: warning: format string is not a string literal (potentially insecure) [-Wformat-security]
RcppExports.cpp:569:18: warning: format string is not a string literal (potentially insecure) [-Wformat-security]
RcppExports.cpp:604:18: warning: format string is not a string literal (potentially insecure) [-Wformat-security]
RcppExports.cpp:640:18: warning: format string is not a string literal (potentially insecure) [-Wformat-security]
RcppExports.cpp:673:18: warning: format string is not a string literal (potentially insecure) [-Wformat-security]
RcppExports.cpp:734:18: warning: format string is not a string literal (potentially insecure) [-Wformat-security]
RcppExports.cpp:767:18: warning: format string is not a string literal (potentially insecure) [-Wformat-security]
RcppExports.cpp:808:18: warning: format string is not a string literal (potentially insecure) [-Wformat-security]
RcppExports.cpp:842:18: warning: format string is not a string literal (potentially insecure) [-Wformat-security]
RcppExports.cpp:878:18: warning: format string is not a string literal (potentially insecure) [-Wformat-security]
RcppExports.cpp:914:18: warning: format string is not a string literal (potentially insecure) [-Wformat-security]
RcppExports.cpp:955:18: warning: format string is not a string literal (potentially insecure) [-Wformat-security]
RcppExports.cpp:988:18: warning: format string is not a string literal (potentially insecure) [-Wformat-security]
RcppExports.cpp:1022:18: warning: format string is not a string literal (potentially insecure) [-Wformat-security]
RcppExports.cpp:1056:18: warning: format string is not a string literal (potentially insecure) [-Wformat-security]
RcppExports.cpp:1089:18: warning: format string is not a string literal (potentially insecure) [-Wformat-security]
RcppExports.cpp:1123:18: warning: format string is not a string literal (potentially insecure) [-Wformat-security]
RcppExports.cpp:1157:18: warning: format string is not a string literal (potentially insecure) [-Wformat-security]
RcppExports.cpp:1191:18: warning: format string is not a string literal (potentially insecure) [-Wformat-security]
RcppExports.cpp:1225:18: warning: format string is not a string literal (potentially insecure) [-Wformat-security]
RcppExports.cpp:1259:18: warning: format string is not a string literal (potentially insecure) [-Wformat-security]
RcppExports.cpp:1293:18: warning: format string is not a string literal (potentially insecure) [-Wformat-security]
RcppExports.cpp:1327:18: warning: format string is not a string literal (potentially insecure) [-Wformat-security]
RcppExports.cpp:1360:18: warning: format string is not a string literal (potentially insecure) [-Wformat-security]
RcppExports.cpp:1394:18: warning: format string is not a string literal (potentially insecure) [-Wformat-security]
RcppExports.cpp:1428:18: warning: format string is not a string literal (potentially insecure) [-Wformat-security]
RcppExports.cpp:1462:18: warning: format string is not a string literal (potentially insecure) [-Wformat-security]
RcppExports.cpp:1496:18: warning: format string is not a string literal (potentially insecure) [-Wformat-security]
RcppExports.cpp:1529:18: warning: format string is not a string literal (potentially insecure) [-Wformat-security]
RcppExports.cpp:1565:18: warning: format string is not a string literal (potentially insecure) [-Wformat-security]
RcppExports.cpp:1599:18: warning: format string is not a string literal (potentially insecure) [-Wformat-security]
RcppExports.cpp:1633:18: warning: format string is not a string literal (potentially insecure) [-Wformat-security]
RcppExports.cpp:1667:18: warning: format string is not a string literal (potentially insecure) [-Wformat-security]
RcppExports.cpp:1704:18: warning: format string is not a string literal (potentially insecure) [-Wformat-security]
RcppExports.cpp:1740:18: warning: format string is not a string literal (potentially insecure) [-Wformat-security]
RcppExports.cpp:1785:18: warning: format string is not a string literal (potentially insecure) [-Wformat-security]
RcppExports.cpp:1819:18: warning: format string is not a string literal (potentially insecure) [-Wformat-security]
par_solve.cpp:369:30: warning: format string is not a string literal (potentially insecure) [-Wformat-security]
See ‘/data/gannet/ripley/R/packages/tests-clang/rxode2.Rcheck/00install.out’ for details.
* used C compiler: ‘clang version 17.0.5’
* used Fortran compiler: ‘flang-new version 17.0.5’
* used C++ compiler: ‘clang version 17.0.5’
Flavor: r-devel-linux-x86_64-fedora-clang
Version: 2.0.14
Check: installed package size
Result: NOTE
installed size is 5.0Mb
sub-directories of 1Mb or more:
libs 2.6Mb
Flavor: r-devel-windows-x86_64