CRAN Package Check Results for Package rxode2random

Last updated on 2024-02-28 18:50:46 CET.

Flavor Version Tinstall Tcheck Ttotal Status Flags
r-devel-linux-x86_64-debian-clang 2.0.13 100.08 44.08 144.16 OK
r-devel-linux-x86_64-debian-gcc 2.0.13 83.94 34.39 118.33 OK
r-devel-linux-x86_64-fedora-clang 2.0.13 205.66 OK
r-devel-linux-x86_64-fedora-gcc 2.0.13 230.56 OK
r-devel-windows-x86_64 2.0.13 88.00 93.00 181.00 OK
r-patched-linux-x86_64 2.0.13 107.93 43.61 151.54 OK
r-release-linux-x86_64 2.0.13 111.50 43.44 154.94 OK
r-release-macos-arm64 2.0.13 55.00 NOTE
r-release-macos-x86_64 2.0.13 79.00 NOTE
r-release-windows-x86_64 2.0.13 110.00 101.00 211.00 OK
r-oldrel-macos-arm64 2.0.13 53.00 NOTE
r-oldrel-windows-x86_64 2.0.13 97.00 84.00 181.00 OK

Check Details

Version: 2.0.13
Check: installed package size
Result: NOTE installed size is 6.8Mb sub-directories of 1Mb or more: libs 6.6Mb Flavors: r-release-macos-arm64, r-release-macos-x86_64, r-oldrel-macos-arm64