Last updated on 2023-12-06 18:53:00 CET.
Flavor | Version | Tinstall | Tcheck | Ttotal | Status | Flags |
---|---|---|---|---|---|---|
r-devel-linux-x86_64-debian-clang | 0.1.1 | 19.37 | 155.41 | 174.78 | NOTE | |
r-devel-linux-x86_64-debian-gcc | 0.1.1 | 14.08 | 114.47 | 128.55 | NOTE | |
r-devel-linux-x86_64-fedora-clang | 0.1.1 | 211.72 | OK | |||
r-devel-linux-x86_64-fedora-gcc | 0.1.1 | 201.97 | OK | |||
r-devel-windows-x86_64 | 0.1.1 | 17.00 | 127.00 | 144.00 | OK | |
r-patched-linux-x86_64 | 0.1.1 | 18.83 | 144.40 | 163.23 | OK | |
r-release-linux-x86_64 | 0.1.1 | 12.30 | 144.76 | 157.06 | OK | |
r-release-macos-arm64 | 0.1.1 | 57.00 | OK | |||
r-release-macos-x86_64 | 0.1.1 | 87.00 | OK | |||
r-release-windows-x86_64 | 0.1.1 | 22.00 | 155.00 | 177.00 | OK | |
r-oldrel-macos-arm64 | 0.1.1 | 69.00 | OK | |||
r-oldrel-macos-x86_64 | 0.1.1 | 92.00 | OK | |||
r-oldrel-windows-x86_64 | 0.1.1 | 23.00 | 157.00 | 180.00 | OK |
Version: 0.1.1
Check: Rd files
Result: NOTE
checkRd: (-1) check_conf_int.Rd:11: Lost braces
11 | \item \strong{``E'',}{ for the \bold{E}mpirical variance estimation.}
| ^
checkRd: (-1) check_conf_int.Rd:12: Lost braces
12 | \item \strong{``V'',}{ for the theoretical \bold{V}ariance estimation.}
| ^
checkRd: (-1) check_conf_int.Rd:13: Lost braces
13 | \item \strong{``B'',}{ for the \bold{B}ootstrap Percentile.}
| ^
checkRd: (-1) check_type_outcome.Rd:23: Lost braces in \itemize; \value handles \item{}{} directly
checkRd: (-1) check_type_outcome.Rd:24: Lost braces in \itemize; \value handles \item{}{} directly
checkRd: (-1) check_type_outcome.Rd:25: Lost braces in \itemize; \value handles \item{}{} directly
checkRd: (-1) check_type_outcome.Rd:26: Lost braces in \itemize; \value handles \item{}{} directly
checkRd: (-1) evol_auc.Rd:27: Lost braces in \itemize; meant \describe ?
checkRd: (-1) evol_auc.Rd:29: Lost braces in \itemize; meant \describe ?
checkRd: (-1) evol_auc.Rd:31: Lost braces in \itemize; meant \describe ?
checkRd: (-1) pred_model_binout.Rd:15: Lost braces in \itemize; meant \describe ?
checkRd: (-1) pred_model_binout.Rd:16: Lost braces in \itemize; meant \describe ?
checkRd: (-1) pred_model_timeic.Rd:24: Lost braces in \itemize; meant \describe ?
checkRd: (-1) pred_model_timeic.Rd:25: Lost braces in \itemize; meant \describe ?
checkRd: (-1) pred_model_timerc.Rd:15: Lost braces in \itemize; meant \describe ?
checkRd: (-1) pred_model_timerc.Rd:16: Lost braces in \itemize; meant \describe ?
checkRd: (-1) sMSROC.Rd:26-27: Lost braces in \itemize; meant \describe ?
checkRd: (-1) sMSROC.Rd:29: Lost braces in \itemize; meant \describe ?
checkRd: (-1) sMSROC.Rd:31: Lost braces in \itemize; meant \describe ?
checkRd: (-1) sMSROC.Rd:117-118: Lost braces in \itemize; \value handles \item{}{} directly
checkRd: (-1) sMSROC.Rd:119: Lost braces in \itemize; \value handles \item{}{} directly
checkRd: (-1) sMSROC.Rd:120: Lost braces in \itemize; \value handles \item{}{} directly
checkRd: (-1) sMSROC.Rd:121: Lost braces in \itemize; \value handles \item{}{} directly
checkRd: (-1) sMSROC.Rd:122: Lost braces in \itemize; \value handles \item{}{} directly
checkRd: (-1) sMSROC.Rd:123: Lost braces in \itemize; \value handles \item{}{} directly
checkRd: (-1) sMSROC.Rd:124: Lost braces in \itemize; \value handles \item{}{} directly
checkRd: (-1) sMSROC.Rd:125: Lost braces in \itemize; \value handles \item{}{} directly
checkRd: (-1) sMSROC.Rd:126: Lost braces in \itemize; \value handles \item{}{} directly
checkRd: (-1) sMSROC.Rd:127: Lost braces in \itemize; \value handles \item{}{} directly
checkRd: (-1) sMSROC.Rd:128: Lost braces in \itemize; \value handles \item{}{} directly
checkRd: (-1) sMSROC.Rd:129: Lost braces in \itemize; \value handles \item{}{} directly
checkRd: (-1) sMS_binout.Rd:11: Lost braces in \itemize; meant \describe ?
checkRd: (-1) sMS_binout.Rd:12-13: Lost braces in \itemize; meant \describe ?
checkRd: (-1) sMS_binout.Rd:14: Lost braces in \itemize; meant \describe ?
checkRd: (-1) sMS_timeic.Rd:14-15: Lost braces in \itemize; meant \describe ?
checkRd: (-1) sMS_timeic.Rd:16-17: Lost braces in \itemize; meant \describe ?
checkRd: (-1) sMS_timeic.Rd:18-19: Lost braces in \itemize; meant \describe ?
checkRd: (-1) sMS_timerc.Rd:14-15: Lost braces in \itemize; meant \describe ?
checkRd: (-1) sMS_timerc.Rd:16-17: Lost braces in \itemize; meant \describe ?
checkRd: (-1) sMS_timerc.Rd:18-19: Lost braces in \itemize; meant \describe ?
Flavors: r-devel-linux-x86_64-debian-clang, r-devel-linux-x86_64-debian-gcc