Last updated on 2023-11-28 18:49:32 CET.
Flavor | Version | Tinstall | Tcheck | Ttotal | Status | Flags |
---|---|---|---|---|---|---|
r-devel-linux-x86_64-debian-clang | 0.4.2 | 20.64 | 218.70 | 239.34 | NOTE | |
r-devel-linux-x86_64-debian-gcc | 0.4.2 | 16.68 | 159.28 | 175.96 | NOTE | |
r-devel-linux-x86_64-fedora-clang | 0.4.2 | 297.78 | OK | |||
r-devel-linux-x86_64-fedora-gcc | 0.4.2 | 295.67 | OK | |||
r-devel-windows-x86_64 | 0.4.2 | 20.00 | 203.00 | 223.00 | OK | |
r-patched-linux-x86_64 | 0.4.2 | 29.68 | 209.48 | 239.16 | OK | |
r-release-linux-x86_64 | 0.4.2 | 12.72 | 209.99 | 222.71 | OK | |
r-release-macos-arm64 | 0.4.2 | 118.00 | OK | |||
r-release-macos-x86_64 | 0.4.2 | 187.00 | OK | |||
r-release-windows-x86_64 | 0.4.2 | 24.00 | 235.00 | 259.00 | OK | |
r-oldrel-macos-arm64 | 0.4.2 | 79.00 | OK | |||
r-oldrel-macos-x86_64 | 0.4.2 | 128.00 | OK | |||
r-oldrel-windows-x86_64 | 0.4.2 | 28.00 | 238.00 | 266.00 | OK |
Version: 0.4.2
Check: Rd files
Result: NOTE
checkRd: (-1) plotprofmle.Rd:20: Lost braces
20 | \item{code{signature(object="profile.mle2")}}{The preferred invocation for these methods.}
| ^
checkRd: (-1) plotprofmle.Rd:21: Lost braces
21 | \item{code{signature(object="mle2")}}{A convenience wrapper that calls \code{profile} on the mle2 object and runs the former method.}
| ^
Flavors: r-devel-linux-x86_64-debian-clang, r-devel-linux-x86_64-debian-gcc