Last updated on 2023-12-09 18:54:30 CET.
Flavor | Version | Tinstall | Tcheck | Ttotal | Status | Flags |
---|---|---|---|---|---|---|
r-devel-linux-x86_64-debian-clang | 0.11.0 | 11.05 | 137.82 | 148.87 | NOTE | |
r-devel-linux-x86_64-debian-gcc | 0.11.0 | 8.97 | 101.76 | 110.73 | NOTE | |
r-devel-linux-x86_64-fedora-clang | 0.11.0 | 184.94 | NOTE | |||
r-devel-linux-x86_64-fedora-gcc | 0.11.0 | 183.90 | OK | |||
r-devel-windows-x86_64 | 0.11.0 | 11.00 | 119.00 | 130.00 | OK | |
r-patched-linux-x86_64 | 0.11.0 | 16.90 | 131.35 | 148.25 | OK | |
r-release-linux-x86_64 | 0.11.0 | 8.71 | 131.38 | 140.09 | OK | |
r-release-macos-arm64 | 0.11.0 | 63.00 | OK | |||
r-release-macos-x86_64 | 0.11.0 | 111.00 | OK | |||
r-release-windows-x86_64 | 0.11.0 | 16.00 | 146.00 | 162.00 | OK | |
r-oldrel-macos-arm64 | 0.11.0 | 108.00 | OK | |||
r-oldrel-macos-x86_64 | 0.11.0 | 200.00 | OK | |||
r-oldrel-windows-x86_64 | 0.11.0 | 15.00 | 150.00 | 165.00 | OK |
Version: 0.11.0
Check: Rd files
Result: NOTE
checkRd: (-1) sim_setup_preconfigured.Rd:24: Lost braces in \itemize; meant \describe ?
checkRd: (-1) sim_setup_preconfigured.Rd:25: Lost braces in \itemize; meant \describe ?
checkRd: (-1) sim_setup_preconfigured.Rd:26: Lost braces in \itemize; meant \describe ?
checkRd: (-1) sim_setup_preconfigured.Rd:27: Lost braces in \itemize; meant \describe ?
checkRd: (-1) sim_setup_preconfigured.Rd:28: Lost braces in \itemize; meant \describe ?
checkRd: (-1) sim_setup_preconfigured.Rd:29: Lost braces in \itemize; meant \describe ?
checkRd: (-1) sim_setup_preconfigured.Rd:30: Lost braces in \itemize; meant \describe ?
checkRd: (-1) sim_setup_preconfigured.Rd:31: Lost braces in \itemize; meant \describe ?
Flavors: r-devel-linux-x86_64-debian-clang, r-devel-linux-x86_64-debian-gcc
Version: 0.11.0
Check: Rd cross-references
Result: NOTE
Undeclared package ‘magrittr’ in Rd xrefs
Flavor: r-devel-linux-x86_64-fedora-clang