Last updated on 2023-12-10 18:52:24 CET.
Flavor | Version | Tinstall | Tcheck | Ttotal | Status | Flags |
---|---|---|---|---|---|---|
r-devel-linux-x86_64-debian-clang | 0.6.1 | 7.16 | 77.59 | 84.75 | OK | |
r-devel-linux-x86_64-debian-gcc | 0.6.1 | 5.24 | 58.86 | 64.10 | OK | |
r-devel-linux-x86_64-fedora-clang | 0.6.1 | 105.08 | NOTE | |||
r-devel-linux-x86_64-fedora-gcc | 0.6.1 | 118.01 | NOTE | |||
r-devel-windows-x86_64 | 0.6.1 | 9.00 | 83.00 | 92.00 | OK | |
r-patched-linux-x86_64 | 0.6.1 | 6.93 | 74.90 | 81.83 | OK | |
r-release-linux-x86_64 | 0.6.1 | 6.25 | 75.43 | 81.68 | OK | |
r-release-macos-arm64 | 0.6.1 | 43.00 | OK | |||
r-release-macos-x86_64 | 0.6.1 | 64.00 | OK | |||
r-release-windows-x86_64 | 0.6.1 | 10.00 | 96.00 | 106.00 | OK | |
r-oldrel-macos-arm64 | 0.6.1 | 31.00 | OK | |||
r-oldrel-macos-x86_64 | 0.6.1 | 47.00 | OK | |||
r-oldrel-windows-x86_64 | 0.6.1 | 11.00 | 96.00 | 107.00 | OK |
Version: 0.6.1
Check: data for non-ASCII characters
Result: NOTE
Note: found 120 marked UTF-8 strings
Flavors: r-devel-linux-x86_64-fedora-clang, r-devel-linux-x86_64-fedora-gcc