Last updated on 2023-12-10 18:52:24 CET.
Flavor | Version | Tinstall | Tcheck | Ttotal | Status | Flags |
---|---|---|---|---|---|---|
r-devel-linux-x86_64-debian-clang | 1.0.1 | 18.15 | 215.46 | 233.61 | NOTE | |
r-devel-linux-x86_64-debian-gcc | 1.0.1 | 16.38 | 160.53 | 176.91 | NOTE | |
r-devel-linux-x86_64-fedora-clang | 1.0.1 | 305.05 | OK | |||
r-devel-linux-x86_64-fedora-gcc | 1.0.1 | 283.91 | OK | |||
r-devel-windows-x86_64 | 1.0.1 | 22.00 | 245.00 | 267.00 | OK | |
r-patched-linux-x86_64 | 1.0.1 | 21.08 | 184.84 | 205.92 | OK | |
r-release-linux-x86_64 | 1.0.1 | 13.16 | 189.18 | 202.34 | OK | |
r-release-macos-arm64 | 1.0.1 | 80.00 | OK | |||
r-release-macos-x86_64 | 1.0.1 | 131.00 | OK | |||
r-release-windows-x86_64 | 1.0.1 | 29.00 | 244.00 | 273.00 | OK | |
r-oldrel-macos-arm64 | 1.0.1 | 65.00 | OK | |||
r-oldrel-macos-x86_64 | 1.0.1 | 111.00 | OK | |||
r-oldrel-windows-x86_64 | 1.0.1 | 30.00 | 173.00 | 203.00 | OK |
Version: 1.0.1
Check: Rd files
Result: NOTE
checkRd: (-1) sf_get_all_jobs_bulk.Rd:42-43: Lost braces in \itemize; meant \describe ?
checkRd: (-1) sf_get_all_jobs_bulk.Rd:44-46: Lost braces in \itemize; meant \describe ?
checkRd: (-1) sf_get_all_query_jobs_bulk.Rd:43-44: Lost braces in \itemize; meant \describe ?
checkRd: (-1) sf_get_all_query_jobs_bulk.Rd:45-47: Lost braces in \itemize; meant \describe ?
checkRd: (-1) sf_get_all_query_jobs_bulk.Rd:48-50: Lost braces in \itemize; meant \describe ?
checkRd: (-1) valid_metadata_list.Rd:10: Lost braces
10 | code{list}; contains name and valid inputs for data types
| ^
Flavors: r-devel-linux-x86_64-debian-clang, r-devel-linux-x86_64-debian-gcc