CRAN Package Check Results for Package sambia

Last updated on 2024-04-24 20:54:21 CEST.

Flavor Version Tinstall Tcheck Ttotal Status Flags
r-devel-linux-x86_64-debian-clang 0.1.0 10.78 101.50 112.28 NOTE
r-devel-linux-x86_64-debian-gcc 0.1.0 8.91 74.55 83.46 NOTE
r-devel-linux-x86_64-fedora-clang 0.1.0 141.36 NOTE
r-devel-linux-x86_64-fedora-gcc 0.1.0 131.86 NOTE
r-devel-windows-x86_64 0.1.0 10.00 86.00 96.00 NOTE
r-patched-linux-x86_64 0.1.0 10.12 94.44 104.56 NOTE
r-release-linux-x86_64 0.1.0 7.84 96.93 104.77 NOTE
r-release-macos-arm64 0.1.0 42.00 NOTE
r-release-windows-x86_64 0.1.0 9.00 85.00 94.00 NOTE
r-oldrel-macos-arm64 0.1.0 38.00 NOTE
r-oldrel-macos-x86_64 0.1.0 72.00 NOTE
r-oldrel-windows-x86_64 0.1.0 12.00 102.00 114.00 NOTE

Check Details

Version: 0.1.0
Check: LazyData
Result: NOTE 'LazyData' is specified without a 'data' directory Flavors: r-devel-linux-x86_64-debian-clang, r-devel-linux-x86_64-debian-gcc, r-devel-linux-x86_64-fedora-clang, r-devel-linux-x86_64-fedora-gcc, r-devel-windows-x86_64, r-patched-linux-x86_64, r-release-linux-x86_64, r-release-macos-arm64, r-release-windows-x86_64, r-oldrel-macos-arm64, r-oldrel-macos-x86_64, r-oldrel-windows-x86_64