CRAN Package Check Results for Package sapfluxnetr

Last updated on 2024-07-15 20:55:44 CEST.

Flavor Version Tinstall Tcheck Ttotal Status Flags
r-devel-linux-x86_64-debian-clang 0.1.4 9.93 250.34 260.27 OK
r-devel-linux-x86_64-debian-gcc 0.1.4 9.15 179.83 188.98 OK
r-devel-linux-x86_64-fedora-clang 0.1.4 325.27 NOTE
r-devel-linux-x86_64-fedora-gcc 0.1.4 326.24 NOTE
r-devel-windows-x86_64 0.1.4 11.00 203.00 214.00 NOTE
r-patched-linux-x86_64 0.1.4 15.08 237.84 252.92 OK
r-release-linux-x86_64 0.1.4 6.93 238.86 245.79 OK
r-release-macos-arm64 0.1.4 90.00 OK
r-release-macos-x86_64 0.1.4 157.00 OK
r-release-windows-x86_64 0.1.4 12.00 201.00 213.00 OK
r-oldrel-macos-arm64 0.1.4 90.00 OK
r-oldrel-macos-x86_64 0.1.4 160.00 OK
r-oldrel-windows-x86_64 0.1.4 15.00 237.00 252.00 OK

Check Details

Version: 0.1.4
Check: data for non-ASCII characters
Result: NOTE Note: found 4 marked UTF-8 strings Flavors: r-devel-linux-x86_64-fedora-clang, r-devel-linux-x86_64-fedora-gcc

Version: 0.1.4
Check: Rd cross-references
Result: NOTE Found the following Rd file(s) with Rd \link{} targets missing package anchors: sfn_plot.Rd: geom_point, geom_col Please provide package anchors for all Rd \link{} targets not in the package itself and the base packages. Flavor: r-devel-windows-x86_64