Last updated on 2023-12-07 18:49:41 CET.
Flavor | Version | Tinstall | Tcheck | Ttotal | Status | Flags |
---|---|---|---|---|---|---|
r-devel-linux-x86_64-debian-clang | 0.1.4 | 13.31 | 242.59 | 255.90 | OK | |
r-devel-linux-x86_64-debian-gcc | 0.1.4 | 10.58 | 177.75 | 188.33 | OK | |
r-devel-linux-x86_64-fedora-clang | 0.1.4 | 323.36 | NOTE | |||
r-devel-linux-x86_64-fedora-gcc | 0.1.4 | 315.46 | NOTE | |||
r-devel-windows-x86_64 | 0.1.4 | 11.00 | 195.00 | 206.00 | OK | |
r-patched-linux-x86_64 | 0.1.4 | 16.89 | 229.20 | 246.09 | OK | |
r-release-linux-x86_64 | 0.1.4 | 7.02 | 229.88 | 236.90 | OK | |
r-release-macos-arm64 | 0.1.4 | 90.00 | OK | |||
r-release-macos-x86_64 | 0.1.4 | 160.00 | OK | |||
r-release-windows-x86_64 | 0.1.4 | 15.00 | 243.00 | 258.00 | OK | |
r-oldrel-macos-arm64 | 0.1.4 | 76.00 | OK | |||
r-oldrel-macos-x86_64 | 0.1.4 | 109.00 | OK | |||
r-oldrel-windows-x86_64 | 0.1.4 | 15.00 | 234.00 | 249.00 | OK |
Version: 0.1.4
Check: data for non-ASCII characters
Result: NOTE
Note: found 4 marked UTF-8 strings
Flavors: r-devel-linux-x86_64-fedora-clang, r-devel-linux-x86_64-fedora-gcc