Last updated on 2023-12-06 18:52:58 CET.
Flavor | Version | Tinstall | Tcheck | Ttotal | Status | Flags |
---|---|---|---|---|---|---|
r-devel-linux-x86_64-debian-clang | 1.0.0 | 29.88 | 1048.08 | 1077.96 | OK | |
r-devel-linux-x86_64-debian-gcc | 1.0.0 | 27.48 | 1204.95 | 1232.43 | OK | |
r-devel-linux-x86_64-fedora-clang | 1.0.0 | 1026.04 | NOTE | |||
r-devel-linux-x86_64-fedora-gcc | 1.0.0 | 1269.42 | NOTE | |||
r-devel-windows-x86_64 | 1.0.0 | 33.00 | 487.00 | 520.00 | OK | |
r-patched-linux-x86_64 | 1.0.0 | 28.21 | 932.26 | 960.47 | OK | |
r-release-linux-x86_64 | 1.0.0 | 25.86 | 950.80 | 976.66 | OK | |
r-release-macos-arm64 | 1.0.0 | 234.00 | NOTE | |||
r-release-macos-x86_64 | 1.0.0 | 700.00 | NOTE | |||
r-release-windows-x86_64 | 1.0.0 | 43.00 | 621.00 | 664.00 | OK | |
r-oldrel-macos-arm64 | 1.0.0 | 222.00 | NOTE | |||
r-oldrel-macos-x86_64 | 0.1.0 | 190.00 | NOTE | |||
r-oldrel-windows-x86_64 | 1.0.0 | 42.00 | 573.00 | 615.00 | OK |
Version: 1.0.0
Check: package dependencies
Result: NOTE
Packages suggested but not available for checking:
'rrvgo', 'SingleCellSignalR'
Flavors: r-devel-linux-x86_64-fedora-clang, r-devel-linux-x86_64-fedora-gcc
Version: 1.0.0
Check: package dependencies
Result: NOTE
Packages suggested but not available for checking:
'ontoProc', 'rrvgo', 'SingleCellSignalR'
Flavors: r-release-macos-arm64, r-release-macos-x86_64
Version: 1.0.0
Check: package dependencies
Result: NOTE
Packages suggested but not available for checking: 'ontoProc', 'rrvgo'
Flavor: r-oldrel-macos-arm64
Version: 0.1.0
Check: dependencies in R code
Result: NOTE
Namespaces in Imports field not imported from:
‘future’ ‘utils’
All declared Imports should be used.
Flavor: r-oldrel-macos-x86_64